{"id":52658,"date":"2024-11-14T11:16:18","date_gmt":"2024-11-14T10:16:18","guid":{"rendered":"https:\/\/www.audioibiza.com\/?post_type=product&#038;p=52658"},"modified":"2025-07-28T12:55:52","modified_gmt":"2025-07-28T10:55:52","slug":"teclado-midi-arturia-keylab-essential-88-mk3-bl","status":"publish","type":"product","link":"https:\/\/www.audioibiza.com\/index.php\/teclado-midi-arturia-keylab-essential-88-mk3-bl\/","title":{"rendered":"Teclado midi ARTURIA KEYLAB ESSENTIAL 88 MK3 Negro"},"content":{"rendered":"<p><iframe title=\"KeyLab mk3 | Universal MIDI controller | ARTURIA\" width=\"840\" height=\"473\" src=\"https:\/\/www.youtube.com\/embed\/RFWSuv0jvGw?feature=oembed\" frameborder=\"0\" allow=\"accelerometer; autoplay; clipboard-write; encrypted-media; gyroscope; picture-in-picture; web-share\" referrerpolicy=\"strict-origin-when-cross-origin\" allowfullscreen><\/iframe><\/p>\n<p><iframe title=\"Tutorials | KeyLab Essential mk3 - Overview\" width=\"840\" height=\"473\" src=\"https:\/\/www.youtube.com\/embed\/tLz2K-Gidlg?feature=oembed\" frameborder=\"0\" allow=\"accelerometer; autoplay; clipboard-write; encrypted-media; gyroscope; picture-in-picture; web-share\" referrerpolicy=\"strict-origin-when-cross-origin\" allowfullscreen><\/iframe><\/p>\n<h1><a href=\"https:\/\/www.audioibiza.com\/index.php\/arturia-keylab-essential-88-mk3-bL\/\">TECLADO MIDI ARTURIA KEYLAB ESSENTIAL 88 MK3 NEGRO<\/a><\/h1>\n<div id=\"ctl00_ContentCentral_panDescripcionLarga\">\n<div><span id=\"ctl00_ContentCentral_lblDescripcionLarga\">KeyLab Essential 88 mk3 ofrece el mejor acceso del mercado a un controlador de rango completo de 88 notas; perfecto para la producci\u00f3n DAW, configuraciones h\u00edbridas y control de instrumentos hardware MIDI. No necesita controles , men\u00fas ni configuraciones complejas para funcionar. <\/span><\/div>\n<div><span id=\"ctl00_ContentCentral_lblDescripcionLarga\">Tiene un aspecto moderno, es agradable al tacto y elimina las barreras creativas para crear m\u00fasica al siguiente nivel. <\/span><\/div>\n<div><\/div>\n<div><span id=\"ctl00_ContentCentral_lblDescripcionLarga\">Incluye el mismo software galardonado de Arturia que el resto de la gama: Ableton Live Lite, Analog Lab Pro, piano de cola UVI Model D, piano vertical The Gentleman de Native Instruments; una suscripci\u00f3n de 2 meses a Loopcloud + 1 pack de bienvenida + 1 pack a elegir; una suscripci\u00f3n de prueba \u00abilimitada\u00bb a Melodics y lecciones extra. Se integra a la perfecci\u00f3n con Analog Lab Pro, Pigments y V Collection.<\/span><\/div>\n<\/div>\n<div><\/div>\n<div>Compatibilidad con Native Kontrol Standard (NKS). Paquete Native Instruments Komplete 15 Select de tu elecci\u00f3n (Select Beats, Select Band o Select Electronic)<\/div>\n<p>\u00a0<\/p>\n<p>Para m\u00e1s informaci\u00f3n del producto:<\/p>\n<p><a href=\"https:\/\/www.arturia.com\/es\/products\/hybrid-synths\/keylab-essential-88-mk3\/overview\" target=\"_blank\" rel=\"noopener\">https:\/\/www.arturia.com\/es\/products\/hybrid-synths\/keylab-essential-88-mk3\/overview<\/a><\/p>\n<p>\u00a0<\/p>\n","protected":false},"excerpt":{"rendered":"<h4>TECLADO MIDI ARTURIA KEYLAB ESSENTIAL 88 MK3 NEGRO<\/h4>\n","protected":false},"featured_media":52659,"template":"","meta":[],"product_cat":[665,706,733],"product_tag":[],"class_list":{"0":"post-52658","1":"product","2":"type-product","3":"status-publish","4":"has-post-thumbnail","6":"product_brand-arturia","7":"product_cat-dj","8":"product_cat-produccion-musical","9":"product_cat-teclado-midi","11":"first","12":"outofstock","13":"taxable","14":"shipping-taxable","15":"purchasable","16":"product-type-simple","17":"col-xs-6 col-sm-4","18":"col-md-3 col-lg-3","19":"un-4-cols"},"_links":{"self":[{"href":"https:\/\/www.audioibiza.com\/index.php\/wp-json\/wp\/v2\/product\/52658","targetHints":{"allow":["GET"]}}],"collection":[{"href":"https:\/\/www.audioibiza.com\/index.php\/wp-json\/wp\/v2\/product"}],"about":[{"href":"https:\/\/www.audioibiza.com\/index.php\/wp-json\/wp\/v2\/types\/product"}],"wp:featuredmedia":[{"embeddable":true,"href":"https:\/\/www.audioibiza.com\/index.php\/wp-json\/wp\/v2\/media\/52659"}],"wp:attachment":[{"href":"https:\/\/www.audioibiza.com\/index.php\/wp-json\/wp\/v2\/media?parent=52658"}],"wp:term":[{"taxonomy":"product_cat","embeddable":true,"href":"https:\/\/www.audioibiza.com\/index.php\/wp-json\/wp\/v2\/product_cat?post=52658"},{"taxonomy":"product_tag","embeddable":true,"href":"https:\/\/www.audioibiza.com\/index.php\/wp-json\/wp\/v2\/product_tag?post=52658"}],"curies":[{"name":"wp","href":"https:\/\/api.w.org\/{rel}","templated":true}]}}