{"id":52316,"date":"2024-10-08T16:50:51","date_gmt":"2024-10-08T14:50:51","guid":{"rendered":"https:\/\/www.audioibiza.com\/?post_type=product&#038;p=52316"},"modified":"2026-02-05T11:28:10","modified_gmt":"2026-02-05T10:28:10","slug":"controlador-dj-alphatheta-ddj-grv6","status":"publish","type":"product","link":"https:\/\/www.audioibiza.com\/index.php\/controlador-dj-alphatheta-ddj-grv6\/","title":{"rendered":"Controlador DJ AlphaTheta DDJ-GRV6"},"content":{"rendered":"<p><iframe title=\"Introducing the DDJ-GRV6 4-channel DJ controller\" width=\"840\" height=\"473\" src=\"https:\/\/www.youtube.com\/embed\/I3832XEsxX4?feature=oembed\" frameborder=\"0\" allow=\"accelerometer; autoplay; clipboard-write; encrypted-media; gyroscope; picture-in-picture; web-share\" referrerpolicy=\"strict-origin-when-cross-origin\" allowfullscreen><\/iframe><\/p>\n<h1>Controlador DJ AlphaTheta DDJ-GRV6<\/h1>\n<div class=\"feature center_text_small\">\n<div class=\"feature_inner\">\n<h3>Groove Circuit: manipula libremente las partes de bater\u00eda y crea nuevos remixes<\/h3>\n<p>Con la funci\u00f3n Groove Circuit, puedes crear f\u00e1cilmente remixes con solo presionar los botones dedicados. Esto te permite reemplazar las partes de bater\u00eda de una pista, incluso mientras se est\u00e1 reproduciendo, con diferentes loops de bater\u00eda, cambi\u00e1ndolos a diferentes g\u00e9neros y realizando remixes \u00fanicos sin esfuerzo. Y, al aplicar efectos a las partes de bater\u00eda, puedes crear f\u00e1cilmente rellenos, build-ups y breakdowins. Manipulando libremente las partes de bater\u00eda, puedes realizar remixes en vivo innovadores y creativos.<\/p>\n<p class=\"note\">*La funci\u00f3n Groove Circuit solo est\u00e1 disponible en rekordbox para Mac\/Windows.<br \/>\n*Para rekordbox para iOS\/Android, la funci\u00f3n est\u00e1 vinculada al sampler y otros.<br \/>\n*Para Serato DJ Pro, la funci\u00f3n est\u00e1 vinculada a Stems FX (sigue leyendo para obtener m\u00e1s informaci\u00f3n).<\/p>\n<\/div>\n<\/div>\n<div class=\"feature center_text_small\">\n<div class=\"feature_inner\">\n<h3>Dise\u00f1o basado en el \u00faltimo equipo DJ est\u00e1ndar para discotecas<\/h3>\n<\/div>\n<\/div>\n<div class=\"feature three_columns\">\n<div class=\"feature_inner\">\n<div class=\"center pc\">\n<div class=\"description\">\n<p>El <a href=\"https:\/\/www.audioibiza.com\/index.php\/controlador-dj-alphatheta-ddj-grv6\/\">DDJ-GRV6<\/a> cuenta con grandes jog wheels que son ideales para hacer scratch, 8 Performance Pads que est\u00e1n ubicados sobre los jogs (tal como est\u00e1n en el multireproductor insignia CDJ-3000) y Beat FX de la DJM-A9 en la secci\u00f3n del mezclador. Todo esto significa que puedes tocar con una sensaci\u00f3n similar a la de usar equipo est\u00e1ndar para discotecas y tocar de manera din\u00e1mica combinando scratching expresivo con t\u00e9cnicas de pads y efectos que son perfectas para sets en discotecas.<\/p>\n<\/div>\n<\/div>\n<\/div>\n<\/div>\n<div class=\"feature center_text_small\">\n<div class=\"feature_inner\">\n<h3>El selector giratorio inteligente y la funci\u00f3n Discover revolucionan la selecci\u00f3n de pistas<\/h3>\n<\/div>\n<\/div>\n<div class=\"feature two_column\">\n<div class=\"feature_inner image_right\">\n<div class=\"text_block\">\n<div class=\"description\">\n<p>El nuevo selector giratorio inteligente del DDJ-GRV6 permite la inclinaci\u00f3n hacia arriba\/abajo y hacia la izquierda\/derecha, as\u00ed como las operaciones convencionales de rotaci\u00f3n y presi\u00f3n cuando se utiliza rekordbox para Mac\/Windows versi\u00f3n 7. La inclinaci\u00f3n hacia la izquierda\/derecha permite una navegaci\u00f3n intuitiva a trav\u00e9s del explorador de medios, la vista de \u00e1rbol y la lista de pistas, mientras que la inclinaci\u00f3n hacia arriba\/abajo permite una navegaci\u00f3n r\u00e1pida a trav\u00e9s de listas de reproducci\u00f3n y colecciones, para que puedas encontrar r\u00e1pidamente la pista que quieres, sin importar lo grande que sea tu biblioteca de m\u00fasica.<\/p>\n<\/div>\n<\/div>\n<\/div>\n<\/div>\n<div class=\"feature two_column\">\n<div class=\"feature_inner image_left\">\n<div class=\"text_block\">\n<div class=\"title\">Funci\u00f3n Discover<\/div>\n<div class=\"description\">\n<p>Al presionar el bot\u00f3n Discover, puedes acceder r\u00e1pidamente a la funci\u00f3n de sugerencia de pistas, que te ayuda a redescubrir tus viejas favoritas o encontrar nuevas canciones.<\/p>\n<p class=\"note\">*La funci\u00f3n Discover solo est\u00e1 disponible en rekordbox para Mac\/Windows.<\/p>\n<\/div>\n<\/div>\n<\/div>\n<\/div>\n<div class=\"feature center_text_small\">\n<div class=\"feature_inner\">\n<h3>Remezcla actuaciones con Stems FX en Serato DJ Pro<\/h3>\n<\/div>\n<\/div>\n<section class=\"component key_features\">\n<div class=\"feature two_column\">\n<div class=\"feature_inner image_right\">\n<div class=\"text_block\">\n<div class=\"description\">\n<p>El DDJ-GRV6 es compatible con Serato DJ Pro, que incluye una funci\u00f3n Stems FX. Expr\u00e9sate musicalmente aplicando efectos como Roll, Trans, Echo Out y Delay a los Stems separados de una pista: Drums, Bass, Bocal, o Melody. Aplica la hoja de superposici\u00f3n incluida con el DDJ-GRV6 para cambiar las etiquetas de los botones a Stems FX y facilitar as\u00ed su uso.<\/p>\n<\/div>\n<\/div>\n<\/div>\n<\/div>\n<div class=\"feature center_text_small\">\n<div class=\"feature_inner\">\n<h3>Compatibilidad con varios dispositivos: s\u00e9 DJ con tu PC\/Mac, dispositivo m\u00f3vil y m\u00e1s<\/h3>\n<\/div>\n<\/div>\n<div class=\"feature three_columns\">\n<div class=\"feature_inner\">\n<div class=\"center pc\">\n<div class=\"description\">\n<p>Puedes elegir usar el DDJ-GRV6 no solo con rekordbox para Mac\/Windows sino tambi\u00e9n con rekordbox para iOS\/Android. Con la opci\u00f3n de reproducir a trav\u00e9s de un dispositivo m\u00f3vil, tienes la libertad de ser DJ con tu estilo preferido y en una variedad de configuraciones diferentes.<\/p>\n<p class=\"note\">*El DDJ-GRV6 no es compatible con conexiones Bluetooth\ud83c\udd2c.<br \/>\n*Solo los canales 1 y 2 est\u00e1n disponibles para reproducci\u00f3n en rekordbox para iOS\/Android.<\/p>\n<\/div>\n<\/div>\n<\/div>\n<\/div>\n<div class=\"feature center_text_small\">\n<div class=\"feature_inner\">\n<h3>Experiencia de usuario intuitiva y dise\u00f1o sofisticado<\/h3>\n<\/div>\n<\/div>\n<div class=\"feature two_column\">\n<div class=\"feature_inner image_left\">\n<div class=\"text_block\">\n<div class=\"description\">\n<p>Si bien incluye muchas funciones avanzadas, el acabado negro mate y el dise\u00f1o ergon\u00f3mico significan que puedes orientarte f\u00e1cilmente en el DDJ-GRV6. A pesar de la variedad de funciones, la pantalla minimalista y los indicadores ofrecen un acceso intuitivo a las funciones que necesitas.<\/p>\n<p>Y el Groove Circuit, una de las caracter\u00edsticas clave de la unidad, est\u00e1 claramente distribuido sobre los Performance Pads con un \u00abescal\u00f3n\u00bb en el medio, lo que garantiza que no tocar\u00e1s accidentalmente un job wheel cuando lo est\u00e9s usando. Este dise\u00f1o elegante te permite ser creativo en actuaciones que pueden ser tan simples o complejas como desees.<\/p>\n<\/div>\n<\/div>\n<\/div>\n<\/div>\n<\/section>\n<section class=\"component other_features\">\n<h2 class=\"component_title\">Otras caracter\u00edsticas<\/h2>\n<div class=\"features\">\n<div class=\"feature\">\n<div class=\"text\">\n<h3 class=\"title\">Mesa de mezclas de 4 canales<\/h3>\n<div class=\"description\">\n<p>La secci\u00f3n del mesa de mezclas tiene 4 canales, por lo que puedes crear mashups libremente o hacer scratch sobre la marcha.<\/p>\n<\/div>\n<\/div>\n<\/div>\n<div class=\"feature\">\n<div class=\"text\">\n<h3 class=\"title\">USB tipo C<\/h3>\n<div class=\"description\">\n<p>Conecta tu PC\/Mac o dispositivo m\u00f3vil directamente al terminal USB Tipo C del controlador con un solo cable. Para PC\/Mac, la alimentaci\u00f3n se suministra a trav\u00e9s de USB. Para dispositivos m\u00f3viles, la alimentaci\u00f3n del DDJ-GRV6 debe provenir de una toma de corriente o de una bater\u00eda m\u00f3vil.<\/p>\n<\/div>\n<\/div>\n<\/div>\n<div class=\"feature\">\n<div class=\"text\">\n<h3 class=\"title\">Tarjeta de sonido incorporada (interfaz de audio)<\/h3>\n<div class=\"description\">\n<p>Gracias a una tarjeta de sonido incorporada, el controlador DJ se conecta directamente a sus altavoces o amplificador con un solo cable TRS\/RCA.<\/p>\n<\/div>\n<\/div>\n<\/div>\n<div class=\"feature\">\n<div class=\"text\">\n<h3 class=\"title\">Cumple con las normas de clase<\/h3>\n<div class=\"description\">\n<p>Conecta tu controlador DJ a tu PC\/Mac y comienza a pinchar: no es necesario instalar un controlador de audio.<\/p>\n<\/div>\n<\/div>\n<\/div>\n<div class=\"feature\">\n<div class=\"text\">\n<h3 class=\"title\">Firmware Update Manager<\/h3>\n<div class=\"description\">\n<p>Recibir\u00e1s una notificaci\u00f3n autom\u00e1ticamente cuando las actualizaciones de firmware est\u00e9n disponibles. Puedes descargar el Administrador de actualizaci\u00f3n de firmware (Firmware Update Manager) <a title=\"Firmware Update Manager\" href=\"https:\/\/www.pioneerdj.com\/en\/landing\/firmware-update-manager\" target=\"_blank\" rel=\"noopener noreferrer\">aqu\u00ed<\/a>.<\/p>\n<\/div>\n<\/div>\n<\/div>\n<div class=\"feature\">\n<div class=\"text\">\n<h3 class=\"title\">AlphaTheta Care<\/h3>\n<div class=\"description\">\n<p>Cuando el ritmo baja, no durante tu actuaci\u00f3n, sino en tu equipo DJ, <a title=\"AlphaTheta Care\" href=\"https:\/\/www.pioneerdj.com\/en-us\/landing\/alphatheta-care\/\" target=\"_blank\" rel=\"noopener noreferrer\">AlphaTheta Care<\/a> est\u00e1 aqu\u00ed para ayudarte.<\/p>\n<\/div>\n<\/div>\n<\/div>\n<\/div>\n<\/section>\n<h2 class=\"component_title\">Especificaciones<\/h2>\n<div class=\"blocks\">\n<div class=\"block\">\n<table class=\"block_table\">\n<tbody>\n<tr>\n<th>M\u00e1x. Dimensiones externas (A \u00d7 P \u00d7 A)<\/th>\n<td>711.4 \u00d7 375.9 \u00d7 75.7 mm \/ 28.0\u201d \u00d7 14.8\u201d \u00d7 3.0\u201d<\/td>\n<\/tr>\n<tr>\n<th>Peso Net<\/th>\n<td>4.6 kg \/ 10.2 lbs.<\/td>\n<\/tr>\n<tr>\n<th>Respuesta de frecuencias<\/th>\n<td>20 Hz &#8211; 20 kHz (USB)<\/td>\n<\/tr>\n<tr>\n<th>S\/N ratio<\/th>\n<td>104 dB (USB)<\/td>\n<\/tr>\n<tr>\n<th>Distorsi\u00f3n Total Arm\u00f3nica<\/th>\n<td>0.003% (USB)<\/td>\n<\/tr>\n<tr>\n<th>Consumo<\/th>\n<td>DC 9 V, 3,0 A (adaptador de alimentaci\u00f3n USB)<br \/>\nDC 5 V, 1,5 A (alimentaci\u00f3n por bus USB)<\/td>\n<\/tr>\n<tr>\n<th>Accesorios<\/th>\n<td>Cable USB (C a C)<br \/>\nHoja de superposici\u00f3n<br \/>\nGu\u00eda de inicio r\u00e1pido\u2028Precauciones de uso<br \/>\nGarant\u00eda (para algunas regiones)<\/td>\n<\/tr>\n<tr>\n<th>Software compatible<\/th>\n<td>rekordbox for Mac\/Windows<br \/>\nrekordbox for iOS\/Android<br \/>\nSerato DJ Pro<\/td>\n<\/tr>\n<\/tbody>\n<\/table>\n<\/div>\n<div class=\"block\">\n<h4 class=\"block_label\">Terminales<\/h4>\n<table class=\"block_table\">\n<tbody>\n<tr>\n<th>Entradas<\/th>\n<td>MIC \u00d7 1 (1\/4\u2033 TRS jack \u00d7 1)<\/td>\n<\/tr>\n<tr>\n<th>Salidas<\/th>\n<td>MASTER \u00d7 2 (1\/4\u2033 TRS jack \u00d7 1, RCA \u00d7 1)<br \/>\nBOOTH \u00d7 1 (RCA \u00d7 1)<br \/>\nPHONES \u00d7 2 (1\/4\u2033 stereo jack \u00d7 1, 3.5 mm stereo mini jack \u00d7 1)<\/td>\n<\/tr>\n<tr>\n<th>USB<\/th>\n<td>USB Type-C \u00d7 2<\/td>\n<\/tr>\n<\/tbody>\n<\/table>\n<\/div>\n<div class=\"block\">\n<h4 class=\"block_label\">Control de rendimiento<\/h4>\n<table class=\"block_table\">\n<tbody>\n<tr>\n<th>Canales<\/th>\n<td>4<\/td>\n<\/tr>\n<tr>\n<th>Deck Control<\/th>\n<td>4 \/ Dual<\/td>\n<\/tr>\n<tr>\n<th>Jog Wheel<\/th>\n<td>206 mm<\/td>\n<\/tr>\n<tr>\n<th>Sampler<\/th>\n<td>(rekordbox) 16 slot \u00d7 4 bank<br \/>\n(Serato DJ Pro) 8 slot \u00d7 4 bank<\/td>\n<\/tr>\n<tr>\n<th>Hot Cues<\/th>\n<td>8<\/td>\n<\/tr>\n<tr>\n<th>Pad Modes<\/th>\n<td>(rekordbox) Hot Cue, Stems, Beat Jump, Sampler, Keyboard, Pad FX, Beat Loop, Key Shift<br \/>\n(Serato DJ Pro) Hot Cue, Stems, Beat Jump, Sampler, Pitch Play, Pad FX, Auto Loop, Key Shift<\/td>\n<\/tr>\n<\/tbody>\n<\/table>\n<\/div>\n<\/div>\n<p>&nbsp;<\/p>\n<p>Para m\u00e1s informaci\u00f3n del producto:<\/p>\n<p><a href=\"https:\/\/alphatheta.com\/es\/product\/dj-controller\/ddj-grv6\/black\/\" target=\"_blank\" rel=\"noopener\">https:\/\/alphatheta.com\/es\/product\/dj-controller\/ddj-grv6\/black\/<\/a><\/p>\n","protected":false},"excerpt":{"rendered":"<h4>Controlador DJ AlphaTheta DDJ-GRV6<\/h4>\n","protected":false},"featured_media":52317,"template":"","meta":[],"product_cat":[725,665,724],"product_tag":[],"class_list":{"0":"post-52316","1":"product","2":"type-product","3":"status-publish","4":"has-post-thumbnail","6":"product_brand-alphatheta","7":"product_brand-pioneer-dj","8":"product_cat-controlador-dj","9":"product_cat-dj","10":"product_cat-dj-digital","12":"first","13":"instock","14":"featured","15":"taxable","16":"shipping-taxable","17":"purchasable","18":"product-type-simple","19":"col-xs-6 col-sm-4","20":"col-md-3 col-lg-3","21":"un-4-cols"},"_links":{"self":[{"href":"https:\/\/www.audioibiza.com\/index.php\/wp-json\/wp\/v2\/product\/52316","targetHints":{"allow":["GET"]}}],"collection":[{"href":"https:\/\/www.audioibiza.com\/index.php\/wp-json\/wp\/v2\/product"}],"about":[{"href":"https:\/\/www.audioibiza.com\/index.php\/wp-json\/wp\/v2\/types\/product"}],"wp:featuredmedia":[{"embeddable":true,"href":"https:\/\/www.audioibiza.com\/index.php\/wp-json\/wp\/v2\/media\/52317"}],"wp:attachment":[{"href":"https:\/\/www.audioibiza.com\/index.php\/wp-json\/wp\/v2\/media?parent=52316"}],"wp:term":[{"taxonomy":"product_cat","embeddable":true,"href":"https:\/\/www.audioibiza.com\/index.php\/wp-json\/wp\/v2\/product_cat?post=52316"},{"taxonomy":"product_tag","embeddable":true,"href":"https:\/\/www.audioibiza.com\/index.php\/wp-json\/wp\/v2\/product_tag?post=52316"}],"curies":[{"name":"wp","href":"https:\/\/api.w.org\/{rel}","templated":true}]}}