{"id":51423,"date":"2024-02-15T11:53:29","date_gmt":"2024-02-15T10:53:29","guid":{"rendered":"https:\/\/www.audioibiza.com\/?post_type=product&#038;p=51423"},"modified":"2025-10-07T09:16:02","modified_gmt":"2025-10-07T07:16:02","slug":"auriculares-dj-technics-eah-dj1200","status":"publish","type":"product","link":"https:\/\/www.audioibiza.com\/index.php\/auriculares-dj-technics-eah-dj1200\/","title":{"rendered":"Auriculares DJ TECHNICS EAH-DJ1200"},"content":{"rendered":"<h1>Auriculares DJ Technics EAH-DJ1200<\/h1>\n<section id=\"feature\" class=\"product-features pagesection style-light\" data-scroll=\"in\">\n<div class=\"sectiontitle\">\n<div class=\"sectiontitle__in pagecontainer\">\n<h2 class=\"heading-1\">Caracter\u00edsticas<\/h2>\n<\/div>\n<\/div>\n<div class=\"sectioncontent nopadding\">\n<div id=\"feature_p-1\" class=\"product-features__layoutframe\">\n<div class=\"product-features__layoutframe__in layout-1img\">\n<div class=\"contents-title pagecontainer\">\n<div class=\"contents-title__in\">\n<h3 class=\"contents-title__title heading-2\">Sonido claro y detallado incluso en entornos muy ruidosos Controlador de 40 mm recientemente desarrollado<\/h3>\n<\/div>\n<\/div>\n<div class=\"contents-block pagecontainer\">\n<div class=\"contents-block__in\">\n<div class=\"contents-block__title-body-btn\">\n<div class=\"contents-block__body\">\n<div class=\"contents-block__body__body typ-body-1\">El controlador recientemente desarrollado utiliza una bobina de voz CCAW con un di\u00e1metro de 40 mm. Logra un sonido claro y detallado, y una entrada de alta durabilidad (2500 mW) sin distorsi\u00f3n, incluso a vol\u00famenes elevados. Adem\u00e1s, con un sonido bien equilibrado desde los rangos bajos a los altos, la reproducci\u00f3n de DJ en entornos de mucho ruido no se pierde en los ruidos del entorno y se permite una monitorizaci\u00f3n c\u00f3moda.<\/div>\n<\/div>\n<\/div>\n<\/div>\n<\/div>\n<\/div>\n<\/div>\n<div id=\"feature_p-2\" class=\"product-features__layoutframe\">\n<div class=\"product-features__layoutframe__in layout-1img\">\n<div class=\"contents-title pagecontainer\">\n<div class=\"contents-title__in\">\n<h3 class=\"contents-title__title heading-2\">Monitorizaci\u00f3n de estilo libre con mecanismo de brazo giratorio Mecanismo de brazo giratorio de 270\u00b0<\/h3>\n<\/div>\n<\/div>\n<div class=\"contents-block pagecontainer\">\n<div class=\"contents-block__in\">\n<div class=\"contents-block__title-body-btn\">\n<div class=\"contents-block__body\">\n<div class=\"contents-block__body__body typ-body-1\">Los auriculares <a href=\"https:\/\/www.technics.com\/es\/productos\/auriculares\/eah-dj1200.html\" target=\"_blank\" rel=\"noopener\">EAH-DJ1200<\/a> tienen un dise\u00f1o ligero para su colocaci\u00f3n sobre los o\u00eddos. La carcasa est\u00e1 equipada con mecanismos de giro que se pueden bloquear para que los auriculares se puedan usar para la monitorizaci\u00f3n con un solo o\u00eddo. Se adapta a todos los estilos de monitorizaci\u00f3n de los DJ. Los auriculares se pueden plegar de forma compacta para facilitar su transporte y almacenamiento.<\/div>\n<\/div>\n<\/div>\n<\/div>\n<\/div>\n<\/div>\n<\/div>\n<div id=\"feature_p-3\" class=\"product-features__layoutframe\">\n<div class=\"product-features__layoutframe__in layout-1img\">\n<div class=\"contents-title pagecontainer\">\n<div class=\"contents-title__in\">\n<h3 class=\"contents-title__title heading-2\">Alta durabilidad para soportar el uso intenso que hacen los DJ profesionales Cable extra\u00edble de bloqueo<\/h3>\n<\/div>\n<\/div>\n<div class=\"contents-block pagecontainer\">\n<div class=\"contents-block__in\">\n<div class=\"contents-block__title-body-btn\">\n<div class=\"contents-block__body\">\n<div class=\"contents-block__body__body typ-body-1\">El cable extra\u00edble es f\u00e1cil de limpiar y mantener. Se proporciona un mecanismo de bloqueo para evitar que el cable se suelte durante el uso. El cable en espiral extensible, junto con el conector tipo L que resiste la rotura interna del cable, permite una mayor facilidad de uso y alta durabilidad. Resiste el uso intenso que hace los DJ profesionales.<\/div>\n<\/div>\n<\/div>\n<\/div>\n<\/div>\n<\/div>\n<\/div>\n<div id=\"feature_p-4\" class=\"product-features__layoutframe\">\n<div class=\"product-features__layoutframe__in layout-1img\">\n<div class=\"contents-title pagecontainer\">\n<div class=\"contents-title__in\">\n<h3 class=\"contents-title__title heading-2\">Estilo \u00abTechnics DJ\u00bb Nuevo dise\u00f1o negro<\/h3>\n<\/div>\n<\/div>\n<div class=\"contents-block pagecontainer\">\n<div class=\"contents-block__in\">\n<div class=\"contents-block__title-body-btn\">\n<div class=\"contents-block__body\">\n<div class=\"contents-block__body__body typ-body-1\">Basados en los auriculares RP-DJ1200, un modelo disponible en el mercado desde hace m\u00e1s de 20 a\u00f1os, los auriculares EAH-DJ1200 cuentan con un esquema de color negro contempor\u00e1neo para darles un aspecto moderno. Preparados con alta durabilidad y una excelente funcionalidad, los auriculares EAH-DJ1200 se combinan perfectamente con el SL-1200MK7, que presenta un acabado negro mate.<\/div>\n<\/div>\n<\/div>\n<\/div>\n<\/div>\n<\/div>\n<\/div>\n<\/div>\n<div><\/div>\n<div class=\"sectioncontent nopadding\">\n<div id=\"feature_p-4\" class=\"product-features__layoutframe\">\n<div class=\"product-features__layoutframe__in layout-1img\">\n<div class=\"contents-block pagecontainer\">\n<div class=\"contents-block__in\">\n<div class=\"contents-block__title-body-btn\">\n<div class=\"contents-block__body\">\n<div>\n<h2 class=\"heading-1\">Especificaciones<\/h2>\n<\/div>\n<\/div>\n<\/div>\n<\/div>\n<\/div>\n<\/div>\n<\/div>\n<\/div>\n<\/section>\n<div class=\"allspecsframes__frame\">\n<div class=\"allspecsframes__frame__ttl\">\n<h4 class=\"subtitle-1\">Unidad de control<\/h4>\n<\/div>\n<ul class=\"speclist\">\n<li class=\"speclist__item lv1\">\n<div class=\"speclist__item__data\"><span class=\"typ-body-1\">40 mm<\/span><\/div>\n<\/li>\n<\/ul>\n<\/div>\n<div class=\"allspecsframes__frame\">\n<div class=\"allspecsframes__frame__ttl\">\n<h4 class=\"subtitle-1\">Impedancia (con cable en espiral extra\u00edble)<\/h4>\n<\/div>\n<ul class=\"speclist\">\n<li class=\"speclist__item lv1\">\n<div class=\"speclist__item__data\"><span class=\"typ-body-1\">45 \u03a9<\/span><\/div>\n<\/li>\n<\/ul>\n<\/div>\n<div class=\"allspecsframes__frame\">\n<div class=\"allspecsframes__frame__ttl\">\n<h4 class=\"subtitle-1\">Sensibilidad<\/h4>\n<\/div>\n<ul class=\"speclist\">\n<li class=\"speclist__item lv1\">\n<div class=\"speclist__item__data\"><span class=\"typ-body-1\">106 db \/ mW<\/span><\/div>\n<\/li>\n<\/ul>\n<\/div>\n<div class=\"allspecsframes__frame\">\n<div class=\"allspecsframes__frame__ttl\">\n<h4 class=\"subtitle-1\">Administraci\u00f3n de potencia (IEC)<\/h4>\n<\/div>\n<ul class=\"speclist\">\n<li class=\"speclist__item lv1\">\n<div class=\"speclist__item__data\"><span class=\"typ-body-1\">2500 mW (IEC)<\/span><\/div>\n<\/li>\n<\/ul>\n<\/div>\n<div class=\"allspecsframes__frame\">\n<div class=\"allspecsframes__frame__ttl\">\n<h4 class=\"subtitle-1\">Informaci\u00f3n de frecuencia \u2013 Respuesta de frecuencia (con cable)<\/h4>\n<\/div>\n<ul class=\"speclist\">\n<li class=\"speclist__item lv1\">\n<div class=\"speclist__item__data\"><span class=\"typ-body-1\">8 Hz \u2013 30000 Hz<\/span><\/div>\n<\/li>\n<\/ul>\n<\/div>\n<div class=\"allspecsframes__frame\">\n<div class=\"allspecsframes__frame__ttl\">\n<h4 class=\"subtitle-1\">Rango de temperatura de funcionamiento<\/h4>\n<\/div>\n<ul class=\"speclist\">\n<li class=\"speclist__item lv1\">\n<div class=\"speclist__item__data\"><span class=\"typ-body-1\">0 \u00b0C a 40 \u00b0C<\/span><\/div>\n<\/li>\n<\/ul>\n<\/div>\n<div class=\"allspecsframes__frame\">\n<div class=\"allspecsframes__frame__ttl\">\n<h4 class=\"subtitle-1\">Peso (sin cable)<\/h4>\n<\/div>\n<ul class=\"speclist\">\n<li class=\"speclist__item lv1\">\n<div class=\"speclist__item__data\"><span class=\"typ-body-1\">Aprox. 233 g<\/span><\/div>\n<\/li>\n<\/ul>\n<\/div>\n<div class=\"allspecsframes__frame\">\n<div class=\"allspecsframes__frame__ttl\">\n<h4 class=\"subtitle-1\">Peso (con cable recto extra\u00edble)<\/h4>\n<\/div>\n<ul class=\"speclist\">\n<li class=\"speclist__item lv1\">\n<div class=\"speclist__item__data\"><span class=\"typ-body-1\">Aprox. 251 g<\/span><\/div>\n<\/li>\n<\/ul>\n<\/div>\n<div class=\"allspecsframes__frame\">\n<div class=\"allspecsframes__frame__ttl\">\n<h4 class=\"subtitle-1\">Accesorios incluidos<\/h4>\n<\/div>\n<ul class=\"speclist\">\n<li class=\"speclist__item lv1\">\n<div class=\"speclist__item__data\"><span class=\"typ-body-1\">Cable recto extra\u00edble: aprox. 1,2 m, Cable en espiral extra\u00edble: aprox. 1,5 m (Longitud de extensi\u00f3n de 2,2 mm), Bolsa de viaje, Adaptador de clavija (6,3 mm)<\/span><\/div>\n<\/li>\n<\/ul>\n<\/div>\n<div class=\"allspecsframes__frame\">\n<div class=\"allspecsframes__frame__ttl\">\n<h4 class=\"subtitle-1\">Clavija<\/h4>\n<\/div>\n<ul class=\"speclist\">\n<li class=\"speclist__item lv1\">\n<div class=\"speclist__item__data\"><span class=\"typ-body-1\">Clavija est\u00e9reo de 3 polos de 3,5 mm<\/span><\/div>\n<\/li>\n<\/ul>\n<\/div>\n<div class=\"allspecsframes__frame\">\n<div class=\"allspecsframes__frame__ttl\">\n<h4 class=\"subtitle-1\">Cable \u2013 Longitud del cable (cable recto extra\u00edble)<\/h4>\n<\/div>\n<ul class=\"speclist\">\n<li class=\"speclist__item lv1\">\n<div class=\"speclist__item__data\"><span class=\"typ-body-1\">1,2 m<\/span><\/div>\n<\/li>\n<\/ul>\n<\/div>\n<p>\u00a0<\/p>\n<p>Para m\u00e1s informaci\u00f3n del producto:<\/p>\n<p><a href=\"https:\/\/www.technics.com\/es\/productos\/auriculares\/eah-dj1200.html\" target=\"_blank\" rel=\"noopener\">https:\/\/www.technics.com\/es\/productos\/auriculares\/eah-dj1200.html<\/a><\/p>\n","protected":false},"excerpt":{"rendered":"<p><strong>Auriculares DJ Technics EAH-DJ1200<\/strong><\/p>\n<div class=\"product-specs__copy\">\n<ul>\n<li class=\"product-specs__copy__item typ-body-1\">Sonido claro y detallado incluso en entornos muy ruidosos Controlador de 40 mm recientemente desarrollado<\/li>\n<li class=\"product-specs__copy__item typ-body-1\">Monitorizaci\u00f3n de estilo libre con mecanismo de brazo giratorio Mecanismo de brazo giratorio de 270\u00b0<\/li>\n<li class=\"product-specs__copy__item typ-body-1\">Alta durabilidad para soportar el uso intenso que hacen los DJ profesionales Cable extra\u00edble de bloqueo<\/li>\n<li class=\"product-specs__copy__item typ-body-1\">Estilo \u00abTechnics DJ\u00bb Nuevo dise\u00f1o negro<\/li>\n<\/ul>\n<\/div>\n","protected":false},"featured_media":51424,"template":"","meta":[],"product_cat":[737,738,665],"product_tag":[],"class_list":{"0":"post-51423","1":"product","2":"type-product","3":"status-publish","4":"has-post-thumbnail","6":"product_brand-technics","7":"product_cat-auriculares","8":"product_cat-auriculares-dj","9":"product_cat-dj","10":"product_shipping_class-pequeno-y-barato-10","12":"first","13":"instock","14":"taxable","15":"shipping-taxable","16":"purchasable","17":"product-type-simple","18":"col-xs-6 col-sm-4","19":"col-md-3 col-lg-3","20":"un-4-cols"},"_links":{"self":[{"href":"https:\/\/www.audioibiza.com\/index.php\/wp-json\/wp\/v2\/product\/51423","targetHints":{"allow":["GET"]}}],"collection":[{"href":"https:\/\/www.audioibiza.com\/index.php\/wp-json\/wp\/v2\/product"}],"about":[{"href":"https:\/\/www.audioibiza.com\/index.php\/wp-json\/wp\/v2\/types\/product"}],"wp:featuredmedia":[{"embeddable":true,"href":"https:\/\/www.audioibiza.com\/index.php\/wp-json\/wp\/v2\/media\/51424"}],"wp:attachment":[{"href":"https:\/\/www.audioibiza.com\/index.php\/wp-json\/wp\/v2\/media?parent=51423"}],"wp:term":[{"taxonomy":"product_cat","embeddable":true,"href":"https:\/\/www.audioibiza.com\/index.php\/wp-json\/wp\/v2\/product_cat?post=51423"},{"taxonomy":"product_tag","embeddable":true,"href":"https:\/\/www.audioibiza.com\/index.php\/wp-json\/wp\/v2\/product_tag?post=51423"}],"curies":[{"name":"wp","href":"https:\/\/api.w.org\/{rel}","templated":true}]}}