{"id":50856,"date":"2023-08-29T11:05:37","date_gmt":"2023-08-29T09:05:37","guid":{"rendered":"https:\/\/www.audioibiza.com\/?post_type=product&#038;p=50856"},"modified":"2026-01-16T10:10:11","modified_gmt":"2026-01-16T09:10:11","slug":"giradiscos-pioneer-dj-plx-crss12","status":"publish","type":"product","link":"https:\/\/www.audioibiza.com\/index.php\/giradiscos-pioneer-dj-plx-crss12\/","title":{"rendered":"Giradiscos PIONEER DJ PLX-CRSS12"},"content":{"rendered":"<p><iframe title=\"Introducing the PLX-CRSS12 professional digital-analog hybrid turntable\" width=\"840\" height=\"473\" src=\"https:\/\/www.youtube.com\/embed\/iRP9n8810Qc?feature=oembed\" frameborder=\"0\" allow=\"accelerometer; autoplay; clipboard-write; encrypted-media; gyroscope; picture-in-picture; web-share\" referrerpolicy=\"strict-origin-when-cross-origin\" allowfullscreen><\/iframe><\/p>\n<h1>Giradiscos PIONEER DJ PLX-CRSS12<\/h1>\n<h2>Giradiscos profesional de tracci\u00f3n directa con control mediante DVS (negro)<\/h2>\n<p>El PLX-CRSS12 es el primer giradiscos del mundo que admite la reproducci\u00f3n de discos anal\u00f3gicos y el control DVS sin brazo de tono, lo que lo convierte en el deck definitivo para los DJs que desean maximizar su creatividad.<\/p>\n<div class=\"component content col-two col-xs-12\">\n<div id=\"Content1\" class=\"component-content\">\n<section>\n<div class=\"col-two__inner\">\n<div class=\"col-two__item\">\n<div class=\"col-two__content\">\n<h2 class=\"col-two__heading heading heading--5 field-promotext\">El control DVS sin brazo de tono elimina los saltos en la reproducci\u00f3n digital<\/h2>\n<div class=\"col-two__item__description field-promotext2\">\n<p>No importa lo fuerte que hagas scratch, nunca experimentar\u00e1s saltos de aguja cuando utilices el PLX-CRSS12 en modo Vinilo digital, gracias a su sistema sin brazo. El nuevo <a class=\"product\" href=\"https:\/\/www.pioneerdj.com\/es-es\/product\/accessories\/magvel-clamp\/black\/overview\" target=\"_blank\" rel=\"noopener\">MAGVEL CLAMP<\/a> mantiene el disco firmemente en su lugar cuando lo tocas, lo que te permite controlar directamente el archivo de m\u00fasica digital, ofreci\u00e9ndote la aut\u00e9ntica sensaci\u00f3n de vinilo sin necesidad de usar el brazo de tono. Al reproducir discos anal\u00f3gicos, la experiencia ser\u00e1 como usar el popular deck PLX-1000.<\/p>\n<\/div>\n<\/div>\n<\/div>\n<\/div>\n<\/section>\n<\/div>\n<\/div>\n<div class=\"component content col-two col-xs-12 col-two--reversed\">\n<div id=\"Content2\" class=\"component-content\">\n<section>\n<div class=\"col-two__inner\">\n<div class=\"col-two__item\">\n<div class=\"col-two__content\">\n<h2 class=\"col-two__heading heading heading--5 field-promotext\">Ajuste de sensibilidad para adaptarse a tu estilo<\/h2>\n<div class=\"col-two__item__description field-promotext2\">\n<p>Puedes ajustar r\u00e1pidamente el \u00abpeso\u00bb del disco con el dial de la parte superior de la <a class=\"product\" href=\"https:\/\/www.pioneerdj.com\/es-es\/product\/accessories\/magvel-clamp\/black\/overview\" target=\"_blank\" rel=\"noopener\">MAGVEL CLAMP<\/a>. Esto significa que puedes continuar sin esfuerzo tu actuaci\u00f3n sin molestarte en cambiar las alfombrillas deslizantes o las hojas deslizantes.<\/p>\n<\/div>\n<\/div>\n<\/div>\n<\/div>\n<\/section>\n<\/div>\n<\/div>\n<div class=\"component content col-two col-xs-12\">\n<div id=\"Content3\" class=\"component-content\">\n<section>\n<div class=\"col-two__inner\">\n<div class=\"col-two__item\">\n<div class=\"col-two__content\">\n<h2 class=\"col-two__heading heading heading--5 field-promotext\">Nivel de torque personalizable<\/h2>\n<div class=\"col-two__item__description field-promotext2\">\n<p>Es f\u00e1cil cambiar el nivel de torsi\u00f3n de rotaci\u00f3n del giradiscos en la configuraci\u00f3n de Utilidades para adaptarlo a tus preferencias. Puedes elegir entre \u00abAlto\u00bb para un inicio r\u00e1pido cuando presionas PLAY, \u00abBajo\u00bb para la velocidad de torque tradicional con la que muchos DJs est\u00e1n familiarizados y \u00abMedio\u00bb para un equilibrio entre los dos<\/p>\n<\/div>\n<\/div>\n<\/div>\n<\/div>\n<\/section>\n<\/div>\n<\/div>\n<div class=\"component content col-two col-xs-12 col-two--reversed\">\n<div id=\"Content4\" class=\"component-content\">\n<section>\n<div class=\"col-two__inner\">\n<div class=\"col-two__item\">\n<div class=\"col-two__content\">\n<h2 class=\"col-two__heading heading heading--5 field-promotext\">Velocidad de parada ajustable<\/h2>\n<div class=\"col-two__item__description field-promotext2\">\n<p>Utiliza el interruptor en la parte frontal del deck para ajustar el tiempo que tarda el giradiscos en detenerse cuando presionas STOP. El \u00abM\u00e1x\u00bb es brusco. El \u00abMed\u00bb utiliza una velocidad de parada tradicional que es familiar para los DJs. Y el \u00abM\u00e1x\u00bb crea la velocidad de parada m\u00e1s larga para un final gradual y espectacular de una pista o actuaci\u00f3n.<\/p>\n<\/div>\n<\/div>\n<\/div>\n<\/div>\n<\/section>\n<\/div>\n<\/div>\n<div class=\"component content col-two col-xs-12\">\n<div id=\"Content5\" class=\"component-content\">\n<section>\n<div class=\"col-two__inner\">\n<div class=\"col-two__item\">\n<div class=\"col-two__content\">\n<h2 class=\"col-two__heading heading heading--5 field-promotext\">Performance Pads para un control preciso y r\u00e1pido<\/h2>\n<div class=\"col-two__item__description field-promotext2\">\n<p>El PLX-CRSS12 hereda elementos de dise\u00f1o de giradiscos cl\u00e1sicos, pero una nueva incorporaci\u00f3n son los 4 Performance Pads mapeables MIDI incorporados que ponen sus funciones favoritas al alcance de tu mano. Est\u00e1n exactamente donde los necesitas, justo debajo del plato, para que puedas disparar Hot Cues y samples m\u00e1s r\u00e1pido que nunca, lo que es a\u00fan m\u00e1s \u00fatil si est\u00e1s tocando en un mezclador que no tiene pads. Hay soporte nativo para varios modos Pad (ver a continuaci\u00f3n), y un bot\u00f3n dedicado te permite cambiar el control de los pads 1-4 a 5-8. Los pads tambi\u00e9n se pueden asignar a MIDI, por lo que puedes asignarlos a otras funciones.<\/p>\n<\/div>\n<\/div>\n<\/div>\n<\/div>\n<\/section>\n<\/div>\n<\/div>\n<div class=\"component content col-two col-xs-12 col-two--reversed\">\n<div id=\"Content6\" class=\"component-content\">\n<section>\n<div class=\"col-two__inner\">\n<div class=\"col-two__item\">\n<div class=\"col-two__content\">\n<h2 class=\"col-two__heading heading heading--5 field-promotext\">Pantalla OLED para confirmaci\u00f3n r\u00e1pida de la informaci\u00f3n de la pista<\/h2>\n<div class=\"col-two__item__description field-promotext2\">\n<p>La pantalla OLED incorporada tambi\u00e9n te ayuda a concentrarte en el deck. Puedes vigilar el rango de tempo y la clave cuando haces Step Pitching y, cuando conectas el PLX-CRSS12 a trav\u00e9s de USB a tu PC\/Mac con el software DJ, puedes consultar la informaci\u00f3n de BPM, clave y n\u00famero de deck. La pantalla tambi\u00e9n te ofrece acceso r\u00e1pido a la configuraci\u00f3n de utilidades, todo lo cual reduce la necesidad de romper la concentraci\u00f3n para mirar tu ordenador port\u00e1til o mezclador durante una actuaci\u00f3n.<\/p>\n<div id=\"seeallvideos\" class=\"component content col-xs-12\">\n<div id=\"default-text\" class=\"component-content\">\n<section class=\"col-one\">\n<div class=\"col-one__inner\">\n<div class=\"col-one__content field-text\">\n<h2 class=\"section-header__heading heading heading--4\">Reproducci\u00f3n de sonido de alta calidad de discos anal\u00f3gicos, basado en el PLX-1000<\/h2>\n<\/div>\n<\/div>\n<\/section>\n<\/div>\n<\/div>\n<div class=\"component content usp-interactive col-xs-12 usp-interactive--reversed\">\n<div id=\"Overview\" class=\"component-content\">\n<div>\n<div class=\"usp-interactive__in\">\n<div class=\"usp-interactive__inner\">\n<div class=\"togglers togglers--accordion\">\n<div class=\"component content toggler\">\n<div id=\"Toggler0\" class=\"component-content\">\n<div>\n<div class=\"toggler__trigger\">\n<p class=\"heading heading--7\"><strong class=\"field-promotext\">Deja que tu audiencia disfrute de tu m\u00fasica de la forma en que fue dise\u00f1ada para ser escuchada. El PLX-CRSS12 ha sido dise\u00f1ado cuidadosamente para mejorar la calidad de sonido del giradiscos DJ profesional <a href=\"https:\/\/www.audioibiza.com\/index.php\/giradiscos-pioneer-dj-plx-1000\/\">PLX-1000<\/a>, que est\u00e1 muy solicitado por su precisa reproducci\u00f3n de sonido. <\/strong><\/p>\n<\/div>\n<div class=\"toggler__target\">\n<div class=\"toggler__visual\">\n<div class=\"toggler__visual__inner\"><picture class=\"visual\"><source srcset=\" https:\/\/www.pioneerdj.com\/-\/media\/pioneerdj\/images\/features\/turntable\/plx-crss12\/plx-crss12-key-feature-7-0b.jpg\" media=\"(max-width: 749px)\" \/><source srcset=\" https:\/\/www.pioneerdj.com\/-\/media\/pioneerdj\/images\/features\/turntable\/plx-crss12\/plx-crss12-key-feature-7-0b.jpg\" media=\"(min-width: 750px)\" \/><\/picture><\/div>\n<\/div>\n<div class=\"toggler__content\">\n<div><\/div>\n<\/div>\n<\/div>\n<\/div>\n<\/div>\n<\/div>\n<div class=\"component content toggler active\">\n<div id=\"Toggler1\" class=\"component-content\">\n<div>\n<div class=\"toggler__trigger\">\n<p class=\"heading heading--7\"><strong class=\"field-promotext\">Fuente de alimentaci\u00f3n conmutada <\/strong><\/p>\n<\/div>\n<div class=\"toggler__target\">\n<div class=\"toggler__visual\">\n<div class=\"toggler__visual__inner\"><picture class=\"visual\"><source srcset=\" https:\/\/www.pioneerdj.com\/-\/media\/pioneerdj\/images\/features\/turntable\/plx-crss12\/plx-crss12-key-feature-7-1.jpg\" media=\"(max-width: 749px)\" \/><source srcset=\" https:\/\/www.pioneerdj.com\/-\/media\/pioneerdj\/images\/features\/turntable\/plx-crss12\/plx-crss12-key-feature-7-1.jpg\" media=\"(min-width: 750px)\" \/><\/picture><\/div>\n<\/div>\n<div class=\"toggler__content\">\n<p>Se utiliza una fuente de alimentaci\u00f3n conmutada para eliminar la vibraci\u00f3n del transformador y la fuga de flujo, y se suprime el ruido no deseado, lo que da como resultado una calidad de sonido de alta resoluci\u00f3n.<\/p>\n<\/div>\n<\/div>\n<\/div>\n<\/div>\n<\/div>\n<div class=\"component content toggler\">\n<div id=\"Toggler2\" class=\"component-content\">\n<div>\n<div class=\"toggler__trigger\">\n<p class=\"heading heading--7\"><strong class=\"field-promotext\">Zinc fundido a presi\u00f3n de alta masa<\/strong><\/p>\n<\/div>\n<div class=\"toggler__target\">\n<div class=\"toggler__visual\">\n<div class=\"toggler__visual__inner\"><picture class=\"visual\"><source srcset=\" https:\/\/www.pioneerdj.com\/-\/media\/pioneerdj\/images\/features\/turntable\/plx-crss12\/plx-crss12-key-feature-7-2.jpg\" media=\"(max-width: 749px)\" \/><source srcset=\" https:\/\/www.pioneerdj.com\/-\/media\/pioneerdj\/images\/features\/turntable\/plx-crss12\/plx-crss12-key-feature-7-2.jpg\" media=\"(min-width: 750px)\" \/><\/picture><\/div>\n<\/div>\n<div class=\"toggler__content\">\n<p>Igual que el PLX-1000, la parte superior del chasis est\u00e1 hecha de zinc fundido a presi\u00f3n de alta masa y la parte inferior est\u00e1 hecha de resina de 8 mm de espesor para optimizar la estructura del chasis y los materiales amortiguadores de vibraciones.<\/p>\n<\/div>\n<\/div>\n<\/div>\n<\/div>\n<\/div>\n<div class=\"component content toggler\">\n<div id=\"Toggler4\" class=\"component-content\">\n<div>\n<div class=\"toggler__trigger\">\n<p class=\"heading heading--7\"><strong class=\"field-promotext\">Terminales RCA chapados en oro mecanizados<\/strong><\/p>\n<\/div>\n<div class=\"toggler__target\">\n<div class=\"toggler__content\">\n<p>Los terminales RCA est\u00e1n hechos de piezas mecanizadas chapadas en oro como las del PLX-1000, y la se\u00f1al fonogr\u00e1fica se transmite directamente a trav\u00e9s de una conexi\u00f3n estable con el enchufe para reproducir el sonido de discos anal\u00f3gicos con audio de alta calidad.<\/p>\n<div class=\"component content col-two col-xs-12 col-two--reversed\">\n<div id=\"Content8\" class=\"component-content\">\n<section>\n<div class=\"col-two__inner\">\n<div class=\"col-two__item\">\n<div class=\"col-two__content\">\n<h2 class=\"col-two__heading heading heading--5 field-promotext\">Dise\u00f1o robusto y elegante en color negro mate<\/h2>\n<div class=\"col-two__item__description field-promotext2\">\n<p>El PLX-CRSS12 tiene una estructura de color negro mate, con recubrimientos especiales aplicados al brazo fonocaptor y otras partes met\u00e1licas, adem\u00e1s de detalles cuidadosamente elaborados que le dan una apariencia robusta y elegante.<\/p>\n<\/div>\n<\/div>\n<\/div>\n<\/div>\n<\/section>\n<\/div>\n<\/div>\n<div class=\"component content col-two col-xs-12\">\n<div id=\"Content9\" class=\"component-content\">\n<section>\n<div class=\"col-two__inner\">\n<div class=\"col-two__item section-divide-video\">\n<div class=\"component content col-xs-12\">\n<div id=\"Content9\" class=\"component-content\">\n<div class=\"col-two__visual\">\n<div><picture class=\"visual\"><source srcset=\"https:\/\/www.pioneerdj.com\/-\/media\/pioneerdj\/images\/features\/turntable\/plx-crss12\/plx-crss12-key-feature-9.jpg\" media=\"(max-width: 748px)\" \/><source srcset=\"https:\/\/www.pioneerdj.com\/-\/media\/pioneerdj\/images\/features\/turntable\/plx-crss12\/plx-crss12-key-feature-9.jpg\" media=\"(min-width: 751px)\" \/><\/picture><\/div>\n<\/div>\n<\/div>\n<\/div>\n<\/div>\n<div class=\"col-two__item\">\n<div class=\"col-two__content\">\n<h2 class=\"col-two__heading heading heading--5 field-promotext\">Compatibilidad con Serato DJ Pro y rekordbox<\/h2>\n<div class=\"col-two__item__description field-promotext2\">\n<p>El PLX-CRSS12 es compatible con <a href=\"https:\/\/serato.com\/\" target=\"_blank\" rel=\"noopener noreferrer\">Serato DJ Pro<\/a> y <a href=\"https:\/\/rekordbox.com\/es\" target=\"_blank\" rel=\"noopener noreferrer\">rekordbox<\/a>. Al conectar esta unidad a un PC\/Mac con el software DJ instalado y a una mesa de mezclas compatible con la funci\u00f3n DVS del respectivo software DJ, puedes comenzar a tocar en el modo de vinilo digital y usar los Performance Pads.<\/p>\n<\/div>\n<\/div>\n<\/div>\n<\/div>\n<\/section>\n<\/div>\n<\/div>\n<div class=\"component content col-xs-12\">\n<div id=\"default-text\" class=\"component-content\">\n<section class=\"col-one\">\n<div class=\"col-one__inner\">\n<div class=\"col-one__content field-text\">\n<h2 class=\"section-header__heading heading heading--4\">Otras Caracter\u00edsticas<\/h2>\n<\/div>\n<\/div>\n<\/section>\n<\/div>\n<\/div>\n<div class=\"component content\">\n<div id=\"Overview\" class=\"component-content\">\n<div class=\"usp-small usp-small--col-two\">\n<div class=\"usp-small__inner\">\n<div class=\"usp-small__items\">\n<div class=\"component content usp-small__item\">\n<div id=\"Feature1\" class=\"component-content\">\n<div class=\"usp-snippet usp-snippet--C\">\n<div class=\"usp-snippet__content\">\n<h4 class=\"usp-snippet__title heading heading--7 field-promotext\"><strong>MAGVEL CLAMP reemplazables<\/strong><\/h4>\n<p class=\"usp-snippet__text p--2 field-promotext2\">Tienes abrazaderas adicionales disponibles para comprar si deseas llevar tu propio juego en el camino o si necesita reemplazar una abrazadera que se ha perdido. Puedes guardar la <a class=\"product\" href=\"https:\/\/www.pioneerdj.com\/es-es\/product\/accessories\/magvel-clamp\/black\/overview\" target=\"_blank\" rel=\"noopener\">MAGVEL CLAMP<\/a> en un espacio dedicado en la parte superior del deck.<\/p>\n<\/div>\n<\/div>\n<\/div>\n<\/div>\n<div class=\"component content usp-small__item\">\n<div id=\"Feature3\" class=\"component-content\">\n<div class=\"usp-snippet usp-snippet--C\">\n<div class=\"usp-snippet__visual\"><picture class=\"visual\"><source srcset=\"https:\/\/www.pioneerdj.com\/-\/media\/pioneerdj\/images\/landing\/firmware-update-manager\/d_w_1043.jpg\" media=\"(max-width: 749px)\" \/><source srcset=\"https:\/\/www.pioneerdj.com\/-\/media\/pioneerdj\/images\/landing\/firmware-update-manager\/d_w_1043.jpg\" media=\"(min-width: 750px)\" \/><\/picture><\/div>\n<div class=\"usp-snippet__content\">\n<h4 class=\"usp-snippet__title heading heading--7 field-promotext\"><strong>Firmware Update Manager<\/strong><\/h4>\n<p class=\"usp-snippet__text p--2 field-promotext2\">Recibir\u00e1s una notificaci\u00f3n autom\u00e1ticamente cuando las actualizaciones de firmware est\u00e9n disponibles. Puedes descargar el Administrador de actualizaci\u00f3n de firmware (Firmware Update Manager) <a href=\"https:\/\/www.pioneerdj.com\/es-es\/landing\/firmware-update-manager\" target=\"_blank\" rel=\"noopener\">aqu\u00ed<\/a>.<\/p>\n<\/div>\n<\/div>\n<\/div>\n<\/div>\n<\/div>\n<\/div>\n<\/div>\n<\/div>\n<\/div>\n<\/div>\n<\/div>\n<\/div>\n<\/div>\n<\/div>\n<\/div>\n<\/div>\n<\/div>\n<\/div>\n<\/div>\n<\/div>\n<\/div>\n<\/div>\n<\/div>\n<\/div>\n<\/section>\n<\/div>\n<\/div>\n<h2><\/h2>\n<h2 class=\"h2\">Especificaciones<\/h2>\n<div class=\"folder folder_bigbold folder--all-open\">\n<div class=\"folder__container js-folder js-folder--is-open\">\n<h4 class=\"folder__trigger js-folder__header js-folder__header--is-open\">Funciones principales<\/h4>\n<div class=\"folder__content js-folder__content js-folder__content--is-open\">\n<table class=\"specs-table\">\n<tbody>\n<tr>\n<th class=\"specs-table__lbl\">\n<p class=\"h6\"><strong>Accesorios<\/strong><\/p>\n<\/th>\n<td class=\"specs-table__val\">\n<ul class=\"list-rotary margin-bottom\">\n<li>Plato<\/li>\n<li>Tornillos para plato<\/li>\n<li>Destornillador<\/li>\n<li>ABRAZADERA MAGN\u00c9TICA<\/li>\n<li>Alfombrilla antideslizante<\/li>\n<li>Hoja deslizante<\/li>\n<li>Tapa antipolvo<\/li>\n<li>Contrapeso<\/li>\n<li>Peso secundario<\/li>\n<li>Portac\u00e1psulas<\/li>\n<li>Peso de c\u00e1psula<\/li>\n<li>Cable de alimentaci\u00f3n<\/li>\n<li>Cable de audio (con cable de tierra)<\/li>\n<li>cable USB<\/li>\n<li>Gu\u00eda de inicio r\u00e1pido<\/li>\n<li>Garant\u00eda (para algunas regiones)*<\/li>\n<li>Precauciones de uso<\/li>\n<\/ul>\n<p><small>*Solo productos en Europa. Los productos en Am\u00e9rica del Norte y Jap\u00f3n incluyen informaci\u00f3n de garant\u00eda en las Precauciones de uso.<\/small><\/td>\n<\/tr>\n<\/tbody>\n<\/table>\n<\/div>\n<\/div>\n<div class=\"folder__container js-folder js-folder--is-open\">\n<h4 class=\"folder__trigger js-folder__header js-folder__header--is-open\">Especificaciones<\/h4>\n<div class=\"folder__content js-folder__content js-folder__content--is-open\">\n<table class=\"specs-table\">\n<tbody>\n<tr>\n<th class=\"specs-table__lbl\">\n<p class=\"h6\"><strong>Ancho<\/strong><\/p>\n<\/th>\n<td class=\"specs-table__val\">453 mm<\/td>\n<\/tr>\n<tr>\n<th class=\"specs-table__lbl\">\n<p class=\"h6\"><strong>Alto<\/strong><\/p>\n<\/th>\n<td class=\"specs-table__val\">159 mm<\/td>\n<\/tr>\n<tr>\n<th class=\"specs-table__lbl\">\n<p class=\"h6\"><strong>Profundo<\/strong><\/p>\n<\/th>\n<td class=\"specs-table__val\">353 mm<\/td>\n<\/tr>\n<tr>\n<th class=\"specs-table__lbl\">\n<p class=\"h6\"><strong>Peso<\/strong><\/p>\n<\/th>\n<td class=\"specs-table__val\">12,2 kg<\/td>\n<\/tr>\n<\/tbody>\n<\/table>\n<\/div>\n<\/div>\n<div class=\"folder__container js-folder js-folder--is-open\">\n<h4 class=\"folder__trigger js-folder__header js-folder__header--is-open\">Giradiscos<\/h4>\n<div class=\"folder__content js-folder__content js-folder__content--is-open\">\n<table class=\"specs-table\">\n<tbody>\n<tr>\n<th class=\"specs-table__lbl\">\n<p class=\"h6\"><strong>Sistema de tracci\u00f3n<\/strong><\/p>\n<\/th>\n<td class=\"specs-table__val\">Servo tracci\u00f3n directa<\/td>\n<\/tr>\n<tr>\n<th class=\"specs-table__lbl\">\n<p class=\"h6\"><strong>Giradiscos<\/strong><\/p>\n<\/th>\n<td class=\"specs-table__val\">Aluminio fundido. Di\u00e1metro: 332 mm<\/td>\n<\/tr>\n<tr>\n<th class=\"specs-table__lbl\">\n<p class=\"h6\"><strong>Motor<\/strong><\/p>\n<\/th>\n<td class=\"specs-table__val\">Corriente continua de 3 fases sin escobillas<\/td>\n<\/tr>\n<tr>\n<th class=\"specs-table__lbl\">\n<p class=\"h6\"><strong>Sistema de parada<\/strong><\/p>\n<\/th>\n<td class=\"specs-table__val\">Freno electr\u00f3nico<\/td>\n<\/tr>\n<tr>\n<th class=\"specs-table__lbl\">\n<p class=\"h6\"><strong>Velocidad de rotaci\u00f3n<\/strong><\/p>\n<\/th>\n<td class=\"specs-table__val\">33\u2153 rpm, 45 rpm<\/td>\n<\/tr>\n<tr>\n<th class=\"specs-table__lbl\">\n<p class=\"h6\"><strong>Ajuste de rango de giro<\/strong><\/p>\n<\/th>\n<td class=\"specs-table__val\">\u00b18, \u00b116, \u00b150 %<\/td>\n<\/tr>\n<tr>\n<th class=\"specs-table__lbl\">\n<p class=\"h6\"><strong>Fluctuaci\u00f3n y tr\u00e9molo<\/strong><\/p>\n<\/th>\n<td class=\"specs-table__val\">< 0,15 % WRMS<\/td>\n<\/tr>\n<tr>\n<th class=\"specs-table__lbl\">\n<p class=\"h6\"><strong>Relaci\u00f3n se\u00f1al\/ruido<\/strong><\/p>\n<\/th>\n<td class=\"specs-table__val\">65 dB (DIN-B)<\/td>\n<\/tr>\n<tr>\n<th class=\"specs-table__lbl\">\n<p class=\"h6\"><strong>Potencia de Arranque<\/strong><\/p>\n<\/th>\n<td class=\"specs-table__val\">Alto: 0,45 N\u00b7m (4,5 kgf\u00b7cm) o m\u00e1s<br \/>\nMedio: 0,32 N\u00b7m (3,2 kgf\u00b7cm)<br \/>\nBajo: 0,2 N\u00b7m (2,0 kgf\u00b7cm)<\/td>\n<\/tr>\n<tr>\n<th class=\"specs-table__lbl\">\n<p class=\"h6\"><strong>Tiempo de Arranque<\/strong><\/p>\n<\/th>\n<td class=\"specs-table__val\">0,3 seg (a 33\u2153 rpm)<\/td>\n<\/tr>\n<tr>\n<th class=\"specs-table__lbl\">\n<p class=\"h6\"><strong>Tiempo de frenado<\/strong><\/p>\n<\/th>\n<td class=\"specs-table__val\">M\u00e1x: 3,5 segundos<br \/>\nMedio: 1,0 segundos<br \/>\nM\u00edn: 0,5 segundos o menos<\/td>\n<\/tr>\n<\/tbody>\n<\/table>\n<\/div>\n<\/div>\n<div class=\"folder__container js-folder js-folder--is-open\">\n<h4 class=\"folder__trigger js-folder__header js-folder__header--is-open\">Brazo<\/h4>\n<div class=\"folder__content js-folder__content js-folder__content--is-open\">\n<table class=\"specs-table\">\n<tbody>\n<tr>\n<th class=\"specs-table__lbl\">\n<p class=\"h6\"><strong>Tipo de Brazo<\/strong><\/p>\n<\/th>\n<td class=\"specs-table__val\">\n<ul>\n<li>Tipo universal con forma de S<\/li>\n<li>Estructura de soporte por card\u00e1n<\/li>\n<li>Tipo equilibrio est\u00e1tico<\/li>\n<\/ul>\n<\/td>\n<\/tr>\n<tr>\n<th class=\"specs-table__lbl\">\n<p class=\"h6\"><strong>Sobresaliente<\/strong><\/p>\n<\/th>\n<td class=\"specs-table__val\">15 mm<\/td>\n<\/tr>\n<tr>\n<th class=\"specs-table__lbl\">\n<p class=\"h6\"><strong>Longitud efectiva<\/strong><\/p>\n<\/th>\n<td class=\"specs-table__val\">230 mm<\/td>\n<\/tr>\n<tr>\n<th class=\"specs-table__lbl\">\n<p class=\"h6\"><strong>Error de lectura<\/strong><\/p>\n<\/th>\n<td class=\"specs-table__val\">Dentro de los 3 \u00b0<\/td>\n<\/tr>\n<tr>\n<th class=\"specs-table__lbl\">\n<p class=\"h6\">Ajuste de altura<\/p>\n<\/th>\n<td class=\"specs-table__val\">6 mm<\/td>\n<\/tr>\n<tr>\n<th class=\"specs-table__lbl\">\n<p class=\"h6\"><strong>Ajuste de peso<\/strong><\/p>\n<\/th>\n<td class=\"specs-table__val\">0-4 g (1 scale 0.1 g)<\/td>\n<\/tr>\n<tr>\n<th class=\"specs-table__lbl\">\n<p class=\"h6\"><strong>Peso (cabezal \u00fanico)<\/strong><\/p>\n<\/th>\n<td class=\"specs-table__val\">2.5-12 g (incluye materiales de montaje)<\/td>\n<\/tr>\n<\/tbody>\n<\/table>\n<\/div>\n<\/div>\n<div class=\"folder__container js-folder js-folder--is-open\">\n<h4 class=\"folder__trigger js-folder__header js-folder__header--is-open\">Terminales<\/h4>\n<div class=\"folder__content js-folder__content js-folder__content--is-open\">\n<table class=\"specs-table\">\n<tbody>\n<tr>\n<th class=\"specs-table__lbl\">\n<p class=\"h6\">USB<\/p>\n<\/th>\n<td class=\"specs-table__val\">1 puerto USB C<\/td>\n<\/tr>\n<tr>\n<th class=\"specs-table__lbl\">\n<p class=\"h6\"><strong>Salidas<\/strong><\/p>\n<\/th>\n<td class=\"specs-table__val\">1 PHONO(RCA)<\/td>\n<\/tr>\n<\/tbody>\n<\/table>\n<\/div>\n<\/div>\n<\/div>\n<p>\u00a0<\/p>\n<p>Para m\u00e1s informaci\u00f3n del producto:<\/p>\n<p><a href=\"https:\/\/www.pioneerdj.com\/es-es\/product\/player\/plx-crss12\/black\/overview\/\" target=\"_blank\" rel=\"noopener\">https:\/\/www.pioneerdj.com\/es-es\/product\/player\/plx-crss12\/black\/overview\/<\/a><\/p>\n","protected":false},"excerpt":{"rendered":"<h4>Giradiscos PIONEER DJ PLX-CRSS12<\/h4>\n<ul>\n<li>Giradiscos profesional h\u00edbrido de tracci\u00f3n directa con control DVS<\/li>\n<li>Ajuste de sensibilidad del MAGVEL CLAMP para adaptarse a tu estilo con control DVS<\/li>\n<li>Brazo mejorado<\/li>\n<li>Nivel de torque personalizable<\/li>\n<li>Velocidad de parada ajustable<\/li>\n<li>Pantalla OLED para confirmaci\u00f3n r\u00e1pida de la informaci\u00f3n de la pista<\/li>\n<li>Performance Pads para un control preciso y r\u00e1pido<\/li>\n<li>Compatibilidad con Serato DJ Pro y rekordbox<\/li>\n<\/ul>\n","protected":false},"featured_media":50857,"template":"","meta":[],"product_cat":[665,740,741],"product_tag":[],"class_list":{"0":"post-50856","1":"product","2":"type-product","3":"status-publish","4":"has-post-thumbnail","6":"product_brand-pioneer-dj","7":"product_cat-dj","8":"product_cat-giradiscos","9":"product_cat-giradiscos-giradiscos","11":"first","12":"outofstock","13":"taxable","14":"shipping-taxable","15":"purchasable","16":"product-type-simple","17":"col-xs-6 col-sm-4","18":"col-md-3 col-lg-3","19":"un-4-cols"},"_links":{"self":[{"href":"https:\/\/www.audioibiza.com\/index.php\/wp-json\/wp\/v2\/product\/50856","targetHints":{"allow":["GET"]}}],"collection":[{"href":"https:\/\/www.audioibiza.com\/index.php\/wp-json\/wp\/v2\/product"}],"about":[{"href":"https:\/\/www.audioibiza.com\/index.php\/wp-json\/wp\/v2\/types\/product"}],"wp:featuredmedia":[{"embeddable":true,"href":"https:\/\/www.audioibiza.com\/index.php\/wp-json\/wp\/v2\/media\/50857"}],"wp:attachment":[{"href":"https:\/\/www.audioibiza.com\/index.php\/wp-json\/wp\/v2\/media?parent=50856"}],"wp:term":[{"taxonomy":"product_cat","embeddable":true,"href":"https:\/\/www.audioibiza.com\/index.php\/wp-json\/wp\/v2\/product_cat?post=50856"},{"taxonomy":"product_tag","embeddable":true,"href":"https:\/\/www.audioibiza.com\/index.php\/wp-json\/wp\/v2\/product_tag?post=50856"}],"curies":[{"name":"wp","href":"https:\/\/api.w.org\/{rel}","templated":true}]}}