{"id":33103,"date":"2022-03-29T15:41:59","date_gmt":"2022-03-29T13:41:59","guid":{"rendered":"https:\/\/www.audioibiza.com\/?post_type=product&#038;p=33103"},"modified":"2026-03-03T16:04:55","modified_gmt":"2026-03-03T15:04:55","slug":"auriculares-dj-pioneer-dj-hdj-cx","status":"publish","type":"product","link":"https:\/\/www.audioibiza.com\/index.php\/auriculares-dj-pioneer-dj-hdj-cx\/","title":{"rendered":"Auriculares DJ PIONEER DJ HDJ-CX"},"content":{"rendered":"<p><iframe title=\"Pioneer DJ Official Introduction: HDJ-CX professional on-ear DJ headphones\" width=\"840\" height=\"473\" src=\"https:\/\/www.youtube.com\/embed\/vzBOwTsIZxg?feature=oembed\" frameborder=\"0\" allow=\"accelerometer; autoplay; clipboard-write; encrypted-media; gyroscope; picture-in-picture; web-share\" referrerpolicy=\"strict-origin-when-cross-origin\" allowfullscreen><\/iframe><\/p>\n<h1>Auriculares DJ PIONEER DJ HDJ-CX<\/h1>\n<p>Estos nuevos auriculares DJ On-Ear profesionales, son tan ligeros que podr\u00edas olvidar que los llevas puestos. Especialmente dise\u00f1ados para una comodidad absoluta y afinados para ofrecer una calidad de sonido excepcional para mezclar y monitorear m\u00fasica, tambi\u00e9n est\u00e1n creados para durar.<\/p>\n<p>Estos nuevos auriculares DJ On-Ear profesionales, son tan ligeros que podr\u00edas olvidar que los llevas puestos. Especialmente dise\u00f1ados para una comodidad absoluta y afinados para ofrecer una calidad de sonido excepcional para mezclar y monitorear m\u00fasica, tambi\u00e9n est\u00e1n creados para durar.<\/p>\n<p>Los auriculares DJ On-ear profesionales <a href=\"https:\/\/www.audioibiza.com\/index.php\/auriculares-dj-pioneer-dj-hdj-cx\/\">HDJ-CX<\/a>,\u00a0 est\u00e1n dise\u00f1ados especialmente para minimizar el estr\u00e9s en el cuello y el cuerpo, al tiempo que te ayudan a maximizar expresi\u00f3n art\u00edstica a trav\u00e9s de la m\u00fasica de baile actual.<\/p>\n<div class=\"component content col-xs-12\">\n<div id=\"default-text\" class=\"component-content\">\n<section class=\"col-one\">\n<div class=\"col-one__inner\">\n<div class=\"col-one__content field-text\">\n<div>Con un dise\u00f1o minimalista pero resistente, y un audio afinado, de amplio rango, el concepto es bastante diferente de los auriculares de la serie HDJ-X, que producen un sonido m\u00e1s amplio y cuentan con una construcci\u00f3n m\u00e1s gruesa. El modelo HDJ-CX te ofrece una experiencia especial que incluso podr\u00eda cambiar tu estilo DJ.<\/div>\n<\/div>\n<\/div>\n<\/section>\n<\/div>\n<\/div>\n<div>\n<div id=\"seeallvideos\" class=\"component content col-xs-12\">\n<div id=\"default-text\" class=\"component-content\">\n<section class=\"col-one\">\n<div class=\"col-one__inner\">\n<div class=\"col-one__content field-text\">\n<h2 class=\"section-header__heading heading heading--4\">CARACTER\u00cdSTICAS PRINCIPALES<\/h2>\n<div class=\"col-two__item\">\n<div class=\"col-two__content\">\n<h3 class=\"col-two__heading heading heading--5 field-promotext\">Dise\u00f1o ligero y flexible<\/h3>\n<div class=\"col-two__item__description field-promotext2\">Puedes usar los HDJ-CX c\u00f3modamente desde tu primera mezcla hasta la \u00faltima. Con un peso de solo 136 gr. sin el cable, est\u00e1n dise\u00f1ados ergon\u00f3micamente para minimizar cualquier tensi\u00f3n en la cabeza, el cuello o los hombros. Adem\u00e1s, la diadema de acero inoxidable cuenta con una estructura en forma de escalera para mayor flexibilidad y resistencia a la tensi\u00f3n para que puedas encontrar f\u00e1cilmente tu ajuste perfecto.<\/div>\n<\/div>\n<div>\n<div class=\"col-two__item\">\n<div class=\"col-two__content\">\n<h3 class=\"col-two__heading heading heading--5 field-promotext\">Sonido afinado de amplio rango y con aislamiento superior<\/h3>\n<div class=\"col-two__item__description field-promotext2\">El nuevo diafragma de pel\u00edcula compuesta PEEK-PU-PEEK, proporciona un sonido afinado con una respuesta de frecuencias de 5 Hz a 30 kHz. Esto significa que puedes escuchar claramente los kicks, drums y los hi-hats para un monitoreo y mezcla precisos en cualquier entorno. Las unidades de driver de \u03c635 mm logran que la potencia de entrada alcance los 2000 mW y las c\u00e1maras bass-reflex en las carcasas mejoran a\u00fan m\u00e1s la respuesta de baja frecuencia, mientras que los aisladores de sonido crean un mayor nivel de aislamiento de audio, por lo que escuchar\u00e1s el sonido de graves completo con cada matiz en la m\u00fasica.<\/div>\n<\/div>\n<\/div>\n<\/div>\n<\/div>\n<\/div>\n<\/div>\n<\/section>\n<\/div>\n<\/div>\n<\/div>\n<div>\n<div class=\"col-two__item\">\n<div class=\"col-two__content\">\n<h3 class=\"col-two__heading heading heading--5 field-promotext\">Construcci\u00f3n muy robusta<\/h3>\n<div class=\"col-two__item__description field-promotext2\">No te dejes enga\u00f1ar por la sensaci\u00f3n de ligereza de estos auriculares: son resistentes y est\u00e1n hechos para durar. Todos los componentes son muy resistentes, incluido el n\u00facleo de acero de la diadema.<\/div>\n<div><\/div>\n<div class=\"col-two__item__description field-promotext2\">Fabricados para soportar los rigores del uso constante en movimiento, han superado las exigentes pruebas a las que se someten otros auriculares Pioneer DJ profesionales, as\u00ed como la estricta prueba de impacto MIL-STD-810H del est\u00e1ndar del ej\u00e9rcito de EE. UU.<\/div>\n<\/div>\n<\/div>\n<\/div>\n<div>\n<div class=\"col-two__item\">\n<div class=\"col-two__content\">\n<h3 class=\"col-two__heading heading heading--5 field-promotext\">Cables y accesorios intercambiables<\/h3>\n<div class=\"col-two__item__description field-promotext2\">Configura tus auriculares como desees eligiendo entre los 2 cables suministrados: recto o en espiral. Para asegurarte de no perder nunca tu adaptador de conexi\u00f3n de 1\/4\u2033, sujeta el soporte del adaptador cuidadosamente en tu cable para tenerlo siempre a mano. Tambi\u00e9n se incluyen un par de almohadillas de reemplazo<\/div>\n<\/div>\n<\/div>\n<\/div>\n<div>\n<div id=\"seeallvideos\" class=\"component content col-xs-12\">\n<div id=\"default-text\" class=\"component-content\">\n<section class=\"col-one\">\n<div class=\"col-one__inner\">\n<div class=\"col-one__content field-text\">\n<div class=\"folder folder_bigbold folder--all-open\">\n<div class=\"folder__container js-folder js-folder--is-open\">\n<h4 class=\"folder__trigger js-folder__header js-folder__header--is-open\">Funciones principales<i class=\"ico\"><\/i><\/h4>\n<div class=\"folder__content js-folder__content js-folder__content--is-open\">\n<table class=\"specs-table\">\n<tbody>\n<tr>\n<th class=\"specs-table__lbl\">\n<p class=\"h6\"><strong>Tipo<\/strong><\/p>\n<\/th>\n<td class=\"specs-table__val\">Cerrados, din\u00e1micos<\/td>\n<\/tr>\n<tr>\n<th class=\"specs-table__lbl\">\n<p class=\"h6\"><strong>Drivers<\/strong><\/p>\n<\/th>\n<td class=\"specs-table__val\">Tipo din\u00e1mico de 3,5 mm<\/td>\n<\/tr>\n<tr>\n<th class=\"specs-table__lbl\">\n<p class=\"h6\"><strong>Conector<\/strong><\/p>\n<\/th>\n<td class=\"specs-table__val\">Conector est\u00e9reo de 3,5 mm<\/td>\n<\/tr>\n<tr>\n<th class=\"specs-table__lbl\">\n<p class=\"h6\"><strong>Cable<\/strong><\/p>\n<\/th>\n<td class=\"specs-table__val\">\n<ul>\n<li>Cable en espiral de 1,2 m (3 m estirado)<\/li>\n<li>Cable recto de 1,6 m<\/li>\n<\/ul>\n<\/td>\n<\/tr>\n<tr>\n<th class=\"specs-table__lbl\">\n<p class=\"h6\"><strong>Contenido de la caja<\/strong><\/p>\n<\/th>\n<td class=\"specs-table__val\">\n<ul class=\"list-rotary\">\n<li>HDJ-CX<\/li>\n<li>Cable en espiral de 1,2 m (longitud extendida 3,0 m)<\/li>\n<li>Cable recto de 1,6 m<\/li>\n<li>Adaptador de conector est\u00e9reo de 6,3 mm tipo roscado)<\/li>\n<li>Soporte para adaptador de conector<\/li>\n<li>Almohadillas de repuesto (1 par)<\/li>\n<li>Manual de instrucciones<\/li>\n<\/ul>\n<\/td>\n<\/tr>\n<\/tbody>\n<\/table>\n<\/div>\n<\/div>\n<div class=\"folder__container js-folder js-folder--is-open\">\n<h4 class=\"folder__trigger js-folder__header js-folder__header--is-open\">Especificaciones<i class=\"ico\"><\/i><\/h4>\n<div class=\"folder__content js-folder__content js-folder__content--is-open\">\n<table class=\"specs-table\">\n<tbody>\n<tr>\n<th class=\"specs-table__lbl\">\n<p class=\"h6\"><strong>Peso (sin cable)<\/strong><\/p>\n<\/th>\n<td class=\"specs-table__val\">136 g<\/td>\n<\/tr>\n<tr>\n<th class=\"specs-table__lbl\">\n<p class=\"h6\"><strong>Potencia m\u00e1xima<\/strong><\/p>\n<\/th>\n<td class=\"specs-table__val\">2000 mW<\/td>\n<\/tr>\n<tr>\n<th class=\"specs-table__lbl\">\n<p class=\"h6\"><strong>Sensibilidad<\/strong><\/p>\n<\/th>\n<td class=\"specs-table__val\">103 dB<\/td>\n<\/tr>\n<tr>\n<th class=\"specs-table__lbl\">\n<p class=\"h6\"><strong>Rango de frecuencia<\/strong><\/p>\n<\/th>\n<td class=\"specs-table__val\">5 \u2013 30000 Hz<\/td>\n<\/tr>\n<tr>\n<th class=\"specs-table__lbl\">\n<p class=\"h6\"><strong>Impedancia<\/strong><\/p>\n<\/th>\n<td class=\"specs-table__val\">32 \u03a9<\/td>\n<\/tr>\n<\/tbody>\n<\/table>\n<p>\u00a0<\/p>\n<p>Para m\u00e1s informaci\u00f3n del producto:<\/p>\n<p><a href=\"https:\/\/www.pioneerdj.com\/es-es\/product\/headphones\/hdj-cx\/black\/overview\/\" target=\"_blank\" rel=\"noopener\">https:\/\/www.pioneerdj.com\/es-es\/product\/headphones\/hdj-cx\/black\/overview\/<\/a><\/p>\n<\/div>\n<\/div>\n<\/div>\n<\/div>\n<\/div>\n<\/section>\n<\/div>\n<\/div>\n<\/div>\n","protected":false},"excerpt":{"rendered":"<p><strong>AURICULARES DJ PIONEER DJ HDJ-CX. Auriculares DJ On-Ear profesionales (negro).<\/strong><\/p>\n<p>&nbsp;<\/p>\n<p><strong>\u00a0<\/strong><\/p>\n","protected":false},"featured_media":33104,"template":"","meta":[],"product_cat":[737,738,665],"product_tag":[],"class_list":{"0":"post-33103","1":"product","2":"type-product","3":"status-publish","4":"has-post-thumbnail","6":"product_brand-pioneer-dj","7":"product_cat-auriculares","8":"product_cat-auriculares-dj","9":"product_cat-dj","10":"product_shipping_class-pequeno-y-barato-10","12":"first","13":"instock","14":"taxable","15":"shipping-taxable","16":"purchasable","17":"product-type-simple","18":"col-xs-6 col-sm-4","19":"col-md-3 col-lg-3","20":"un-4-cols"},"_links":{"self":[{"href":"https:\/\/www.audioibiza.com\/index.php\/wp-json\/wp\/v2\/product\/33103","targetHints":{"allow":["GET"]}}],"collection":[{"href":"https:\/\/www.audioibiza.com\/index.php\/wp-json\/wp\/v2\/product"}],"about":[{"href":"https:\/\/www.audioibiza.com\/index.php\/wp-json\/wp\/v2\/types\/product"}],"wp:featuredmedia":[{"embeddable":true,"href":"https:\/\/www.audioibiza.com\/index.php\/wp-json\/wp\/v2\/media\/33104"}],"wp:attachment":[{"href":"https:\/\/www.audioibiza.com\/index.php\/wp-json\/wp\/v2\/media?parent=33103"}],"wp:term":[{"taxonomy":"product_cat","embeddable":true,"href":"https:\/\/www.audioibiza.com\/index.php\/wp-json\/wp\/v2\/product_cat?post=33103"},{"taxonomy":"product_tag","embeddable":true,"href":"https:\/\/www.audioibiza.com\/index.php\/wp-json\/wp\/v2\/product_tag?post=33103"}],"curies":[{"name":"wp","href":"https:\/\/api.w.org\/{rel}","templated":true}]}}