{"id":30710,"date":"2021-12-23T10:46:07","date_gmt":"2021-12-23T09:46:07","guid":{"rendered":"https:\/\/www.audioibiza.com\/?post_type=product&#038;p=30710"},"modified":"2026-01-16T11:46:39","modified_gmt":"2026-01-16T10:46:39","slug":"monitor-estudio-pioneer-dj-dm-50d","status":"publish","type":"product","link":"https:\/\/www.audioibiza.com\/index.php\/monitor-estudio-pioneer-dj-dm-50d\/","title":{"rendered":"Monitor estudio PIONEER DJ DM-50D negro (pareja)"},"content":{"rendered":"<p><iframe title=\"Pioneer DJ Official Introduction: DM-50D 5-inch desktop monitor system\" width=\"840\" height=\"473\" src=\"https:\/\/www.youtube.com\/embed\/coej2glUJhs?feature=oembed\" frameborder=\"0\" allow=\"accelerometer; autoplay; clipboard-write; encrypted-media; gyroscope; picture-in-picture; web-share\" referrerpolicy=\"strict-origin-when-cross-origin\" allowfullscreen><\/iframe><\/p>\n<h1>Monitor Estudio PIONEER DJ DM-50D (Pareja)<\/h1>\n<h2 class=\"col-two__heading heading heading--5 field-promotext\">Modo de sonido bidireccional &#8211; optimizado para DJ y producci\u00f3n musical<\/h2>\n<div class=\"col-two__item__description field-promotext2\">\n<p>No es necesario que decidas si quieres un conjunto de monitores que sean los mejores para pinchar o hacer m\u00fasica, porque los altavoces DM-50D son perfectos para ambos. Simplemente mueve el interruptor para elegir el modo DJ o el modo Producci\u00f3n y la configuraci\u00f3n del DSP se optimizar\u00e1 para la tarea, dej\u00e1ndote libre para concentrarte en tu mezcla.<\/p>\n<h2 class=\"col-two__heading heading heading--5 field-promotext\">F\u00e1cil de usar con diferentes DJ o equipos de producci\u00f3n<\/h2>\n<div class=\"col-two__item__description field-promotext2\">\n<p>Con RCA, mini jack y los terminales de entrada TRS reci\u00e9n a\u00f1adidos, puedes conectar diferentes tipos de equipos, como controladores y mezcladores DJ, o el ordenador port\u00e1til o tarjeta de sonido que utilizas para producir tu propia m\u00fasica. Conectar y desconectar tus auriculares es simple a trav\u00e9s de la toma en el panel frontal del <a href=\"https:\/\/www.audioibiza.com\/index.php\/monitor-estudio-pioneer-dj-dm-50d\/\">DM-50D<\/a>. Tampoco es necesario alcanzar la parte posterior de los altavoces para ajustar el volumen, ya que el bot\u00f3n giratorio de nivel tambi\u00e9n est\u00e1 justo frente a ti.<\/p>\n<\/div>\n<\/div>\n<div class=\"toggler__trigger\">\n<h3 class=\"heading heading--7\"><strong class=\"field-promotext\">Amplificador clase D<\/strong><\/h3>\n<\/div>\n<div class=\"toggler__target\">\n<div class=\"toggler__content\">\n<p>Cada altavoz DM-50D produce un sonido de graves puro y equilibrado, gracias a un nuevo amplificador Clase D con DSP de muestreo de 96 kHz.<\/p>\n<\/div>\n<\/div>\n<div class=\"toggler__trigger\">\n<h3 class=\"heading heading--7\"><strong class=\"field-promotext\">Difusor convexo DECO<\/strong><\/h3>\n<\/div>\n<div class=\"toggler__target\">\n<div class=\"toggler__content\">\n<p>Otro avance respecto al modelo DM-40 est\u00e1 en el dise\u00f1o actualizado de los difusores convexos DECO que ofrecen altas frecuencias n\u00edtidas en todas las direcciones, para que puedas disfrutar de un punto \u00f3ptimo amplio y sonido est\u00e9reo 3D en cualquier lugar de la habitaci\u00f3n.<\/p>\n<div class=\"toggler__trigger\">\n<h3 class=\"heading heading--7\"><strong class=\"field-promotext\">Alineaci\u00f3n de Tiempo<\/strong><\/h3>\n<\/div>\n<div class=\"toggler__target\">\n<div class=\"toggler__content\">\n<p>El woofer y el tweeter est\u00e1n perfectamente alineados para que puedas escuchar todas las frecuencias de sonido con claridad.<\/p>\n<div class=\"toggler__trigger\">\n<h3 class=\"heading heading--7\"><strong class=\"field-promotext\">Conductos ranurados<\/strong><\/h3>\n<\/div>\n<div class=\"toggler__target\">\n<div class=\"toggler__content\">\n<p>Las ranuras de los conductos reducen la fricci\u00f3n del aire para que los graves sean firmes y contundentes, incluso si colocas los altavoces contra una pared. Adem\u00e1s, los bordes frontales curvos ofrecen m\u00e1xima rigidez y m\u00ednima resonancia para un audio limpio a cualquier nivel de volumen.<\/p>\n<div class=\"toggler__trigger\">\n<h3 class=\"heading heading--7\"><strong class=\"field-promotext\">Woofer de 5 pulgadas<\/strong><\/h3>\n<\/div>\n<div class=\"toggler__target\">\n<div class=\"toggler__content\">\n<p>El woofer de 5 pulgadas crea un sonido potente sin distorsi\u00f3n, incluso si aumenta el volumen.<\/p>\n<div class=\"folder__container js-folder js-folder--is-open\">\n<h3><\/h3>\n<h4 class=\"folder__trigger js-folder__header js-folder__header--is-open\">Funciones principales PIONEER DJ DM-50D<\/h4>\n<div class=\"folder__content js-folder__content js-folder__content--is-open\">\n<table class=\"specs-table\">\n<tbody>\n<tr>\n<th class=\"specs-table__lbl\">\n<p class=\"h6\"><strong>Tipo<\/strong><\/p>\n<\/th>\n<td class=\"specs-table__val\">Monitores activos de 2 v\u00edas con Graves R\u00e9flex<\/td>\n<\/tr>\n<tr>\n<th class=\"specs-table__lbl\">\n<p class=\"h6\"><strong>Tweeter<\/strong><\/p>\n<\/th>\n<td class=\"specs-table__val\">3\/4\u201d (19 mm) de c\u00fapula blanda<\/td>\n<\/tr>\n<tr>\n<th class=\"specs-table__lbl\">\n<p class=\"h6\">Woofer<\/p>\n<\/th>\n<td class=\"specs-table__val\">Conos de fibra de vidrio de 5&#8243; (127 mm)<\/td>\n<\/tr>\n<tr>\n<th class=\"specs-table__lbl\">\n<p class=\"h6\">Contenido de la caja<\/p>\n<\/th>\n<td class=\"specs-table__val\">\n<ul class=\"list-rotary\">\n<li>DM-50D<\/li>\n<li>Cable de alimentaci\u00f3n<\/li>\n<li>Cable convertidor de Audio (Mini conector est\u00e9reo a RCA de 3.5 mm)<\/li>\n<li>Cable de altavoz<\/li>\n<li>Almohadilla inferiore<\/li>\n<li>Gu\u00eda de inicio r\u00e1pido<\/li>\n<li>Precauciones de uso<\/li>\n<li>Garant\u00eda<\/li>\n<\/ul>\n<\/td>\n<\/tr>\n<\/tbody>\n<\/table>\n<\/div>\n<\/div>\n<div class=\"folder__container js-folder js-folder--is-open\">\n<h4 class=\"folder__trigger js-folder__header js-folder__header--is-open\">Especificaciones<\/h4>\n<div class=\"folder__content js-folder__content js-folder__content--is-open\">\n<table class=\"specs-table\">\n<tbody>\n<tr>\n<th class=\"specs-table__lbl\">\n<p class=\"h6\">Dimensiones (W x H x D)<\/p>\n<\/th>\n<td class=\"specs-table__val\">\n<ul class=\"list-rotary\">\n<li>Lch: 175 x 262 x 257 mm \/ 6.89\u201d x 10.32\u201d x 10.12\u201d<\/li>\n<li>Rch: 175 x 262 x 247 mm \/ 6.89\u201d x 10.32\u201d x 9.72\u201d<\/li>\n<\/ul>\n<\/td>\n<\/tr>\n<tr>\n<th class=\"specs-table__lbl\">\n<p class=\"h6\">Peso<\/p>\n<\/th>\n<td class=\"specs-table__val\">\n<ul class=\"list-rotary\">\n<li>Lch: 3.9 kg \/ 8.6 lbs.<\/li>\n<li>Rch: 3.5 kg \/ 7.7 lbs.<\/li>\n<\/ul>\n<\/td>\n<\/tr>\n<tr>\n<th class=\"specs-table__lbl\">\n<p class=\"h6\">Corriente<\/p>\n<\/th>\n<td class=\"specs-table__val\">AC 100-240 V, 50 Hz \/ 60Hz<\/td>\n<\/tr>\n<tr>\n<th class=\"specs-table__lbl\">\n<p class=\"h6\">Salida de amplificador<\/p>\n<\/th>\n<td class=\"specs-table__val\">\n<ul>\n<li>L: 25 W \/ 4 \u03a9<\/li>\n<li>R: 25 W \/ 4 \u03a9<\/li>\n<\/ul>\n<\/td>\n<\/tr>\n<tr>\n<th class=\"specs-table__lbl\">\n<p class=\"h6\">Impedancia<\/p>\n<\/th>\n<td class=\"specs-table__val\">10 k\u03a9<\/td>\n<\/tr>\n<tr>\n<th class=\"specs-table__lbl\">\n<p class=\"h6\">Caja<\/p>\n<\/th>\n<td class=\"specs-table__val\">Graves R\u00e9flex<\/td>\n<\/tr>\n<tr>\n<th class=\"specs-table__lbl\">\n<p class=\"h6\">Material de la caja<\/p>\n<\/th>\n<td class=\"specs-table__val\">MDF vinyl laminate<\/td>\n<\/tr>\n<tr>\n<th class=\"specs-table__lbl\">\n<p class=\"h6\">Power Consumption<\/p>\n<\/th>\n<td class=\"specs-table__val\">25W<\/td>\n<\/tr>\n<tr>\n<th class=\"specs-table__lbl\">\n<p class=\"h6\">Power consumption during standby mode<\/p>\n<\/th>\n<td class=\"specs-table__val\">0.3 W o menos<\/td>\n<\/tr>\n<\/tbody>\n<\/table>\n<\/div>\n<\/div>\n<div class=\"folder__container js-folder js-folder--is-open\">\n<h4 class=\"folder__trigger js-folder__header js-folder__header--is-open\">Terminales<\/h4>\n<div class=\"folder__content js-folder__content js-folder__content--is-open\">\n<table class=\"specs-table\">\n<tbody>\n<tr>\n<th class=\"specs-table__lbl\">\n<p class=\"h6\">Entradas<\/p>\n<\/th>\n<td class=\"specs-table__val\">\n<ul>\n<li>1\/4\u201d TRS conector x 1<\/li>\n<li>RCA clavijas x 1<\/li>\n<li>Mini conector est\u00e9reo de 3.5 mm<\/li>\n<\/ul>\n<\/td>\n<\/tr>\n<tr>\n<th class=\"specs-table__lbl\">\n<p class=\"h6\">Salidas<\/p>\n<\/th>\n<td class=\"specs-table__val\">Mini conector est\u00e9reo de 3.5 mm<\/td>\n<\/tr>\n<\/tbody>\n<\/table>\n<\/div>\n<\/div>\n<\/div>\n<\/div>\n<\/div>\n<\/div>\n<\/div>\n<\/div>\n<\/div>\n<\/div>\n<p>&nbsp;<\/p>\n<p>Para m\u00e1s informaci\u00f3n sobre el producto:<\/p>\n<p><a href=\"https:\/\/www.pioneerdj.com\/es-es\/product\/monitor-speakers\/dm-50d\/black\/overview\/\" target=\"_blank\" rel=\"noopener\">https:\/\/www.pioneerdj.com\/es-es\/product\/monitor-speakers\/dm-50d\/black\/overview\/<\/a><\/p>\n","protected":false},"excerpt":{"rendered":"<p><strong>MONITOR ESTUDIO PIONEER DJ DM-50D (PAREJA)<br \/>\n<\/strong><\/p>\n","protected":false},"featured_media":30713,"template":"","meta":[],"product_cat":[665,663,706],"product_tag":[],"class_list":{"0":"post-30710","1":"product","2":"type-product","3":"status-publish","4":"has-post-thumbnail","6":"product_brand-pioneer-dj","7":"product_cat-dj","8":"product_cat-monitor-estudio","9":"product_cat-produccion-musical","10":"product_shipping_class-mediano-y-barato-16","12":"first","13":"outofstock","14":"taxable","15":"shipping-taxable","16":"purchasable","17":"product-type-simple","18":"col-xs-6 col-sm-4","19":"col-md-3 col-lg-3","20":"un-4-cols"},"_links":{"self":[{"href":"https:\/\/www.audioibiza.com\/index.php\/wp-json\/wp\/v2\/product\/30710","targetHints":{"allow":["GET"]}}],"collection":[{"href":"https:\/\/www.audioibiza.com\/index.php\/wp-json\/wp\/v2\/product"}],"about":[{"href":"https:\/\/www.audioibiza.com\/index.php\/wp-json\/wp\/v2\/types\/product"}],"wp:featuredmedia":[{"embeddable":true,"href":"https:\/\/www.audioibiza.com\/index.php\/wp-json\/wp\/v2\/media\/30713"}],"wp:attachment":[{"href":"https:\/\/www.audioibiza.com\/index.php\/wp-json\/wp\/v2\/media?parent=30710"}],"wp:term":[{"taxonomy":"product_cat","embeddable":true,"href":"https:\/\/www.audioibiza.com\/index.php\/wp-json\/wp\/v2\/product_cat?post=30710"},{"taxonomy":"product_tag","embeddable":true,"href":"https:\/\/www.audioibiza.com\/index.php\/wp-json\/wp\/v2\/product_tag?post=30710"}],"curies":[{"name":"wp","href":"https:\/\/api.w.org\/{rel}","templated":true}]}}