{"id":23902,"date":"2021-01-03T01:00:49","date_gmt":"2021-01-03T00:00:49","guid":{"rendered":"https:\/\/www.audioibiza.com\/index.php\/bolsa-funda-magma-solid-blaze-pack-80-magma\/"},"modified":"2025-11-22T01:01:00","modified_gmt":"2025-11-22T00:01:00","slug":"bolsa-funda-magma-solid-blaze-pack-80","status":"publish","type":"product","link":"https:\/\/www.audioibiza.com\/index.php\/bolsa-funda-magma-solid-blaze-pack-80\/","title":{"rendered":"Bolsa \/ Funda MAGMA SOLID BLAZE PACK 80"},"content":{"rendered":"<p>Mochila fabricada en tejidos hechos de botellas de pl\u00e1stico PET recicladas (certificado por Global Recycling Standard). Exterior  elaborado con poli\u00e9ster RPET 900D robusto e hidr\u00f3fugo (con recubrimiento ecol\u00f3gico de poliuretano a base de agua). Revestimiento de RPET TC Poli\u00e9ster. Cremalleras dobles con cierre de PVC YKK\u00ae AquaGuard\u00ae (candado no incluido). Compartimento acolchado separado para port\u00e1tiles y tabletas con capacidad para port\u00e1tiles de hasta 17 (tambien caben discos de 12). Bolsas internas, compartimentos y bolsillos con cremallera para organizar el equipo m\u00e1s peque\u00f1o. Compartimento delantero de acceso r\u00e1pido. Bolsillo colgante de red para auriculares o c\u00e1maras. Bolsillo lateral expandible para botellas.  C\u00f3modo canal de aire acolchado en la espalda con bolsillo oculto para documentos. Correa para el hombro contorneada y ergon\u00f3mica con hebillas de metal y correa de pecho ajustable. Faja para uso en trolley. Compatible con equipaje de cabina. Exterior: 49 x 32 x 20 cm. Interior: 45 x 30 x 8 cm. Peso: 1,3 kg.<\/p>\n","protected":false},"excerpt":{"rendered":"<p>Mochila fabricada en tejidos hechos de botellas de pl\u00e1stico PET recicladas (certificado por Global Recycling Standard). Exterior elaborado con poli\u00e9ster RPET 900D robusto e hidr\u00f3fugo (con recubrimiento ecol\u00f3gico de poliuretano a base de agua). Revestimiento de RPET TC Poli\u00e9ster. Cremalleras dobles con cierre de PVC YKK\u00ae AquaGuard\u00ae (candado no incluido). Compartimento acolchado separado para port\u00e1tiles&hellip;<\/p>\n","protected":false},"featured_media":23903,"template":"","meta":[],"product_cat":[722,721,665],"product_tag":[],"class_list":{"0":"post-23902","1":"product","2":"type-product","3":"status-publish","4":"has-post-thumbnail","6":"product_brand-magma","7":"product_cat-bolsa-funda","8":"product_cat-cajas-y-bolsas-transporte","9":"product_cat-dj","10":"product_shipping_class-grande-y-barato-24","12":"first","13":"outofstock","14":"taxable","15":"shipping-taxable","16":"purchasable","17":"product-type-simple","18":"col-xs-6 col-sm-4","19":"col-md-3 col-lg-3","20":"un-4-cols"},"_links":{"self":[{"href":"https:\/\/www.audioibiza.com\/index.php\/wp-json\/wp\/v2\/product\/23902","targetHints":{"allow":["GET"]}}],"collection":[{"href":"https:\/\/www.audioibiza.com\/index.php\/wp-json\/wp\/v2\/product"}],"about":[{"href":"https:\/\/www.audioibiza.com\/index.php\/wp-json\/wp\/v2\/types\/product"}],"wp:featuredmedia":[{"embeddable":true,"href":"https:\/\/www.audioibiza.com\/index.php\/wp-json\/wp\/v2\/media\/23903"}],"wp:attachment":[{"href":"https:\/\/www.audioibiza.com\/index.php\/wp-json\/wp\/v2\/media?parent=23902"}],"wp:term":[{"taxonomy":"product_cat","embeddable":true,"href":"https:\/\/www.audioibiza.com\/index.php\/wp-json\/wp\/v2\/product_cat?post=23902"},{"taxonomy":"product_tag","embeddable":true,"href":"https:\/\/www.audioibiza.com\/index.php\/wp-json\/wp\/v2\/product_tag?post=23902"}],"curies":[{"name":"wp","href":"https:\/\/api.w.org\/{rel}","templated":true}]}}