{"id":22809,"date":"2020-10-07T10:22:16","date_gmt":"2020-10-07T08:22:16","guid":{"rendered":"https:\/\/www.audioibiza.com\/index.php\/producto\/teclado-midi-launchkey-61-mk3-novation\/"},"modified":"2025-11-22T01:00:19","modified_gmt":"2025-11-22T00:00:19","slug":"novation-launchkey-61-mk3","status":"publish","type":"product","link":"https:\/\/www.audioibiza.com\/index.php\/novation-launchkey-61-mk3\/","title":{"rendered":"Teclado midi NOVATION LAUNCHKEY 61 MK3"},"content":{"rendered":"<p><iframe title=\"Launchkey [MK3] - Introduction \/\/ Novation\" width=\"840\" height=\"473\" src=\"https:\/\/www.youtube.com\/embed\/64hkYkCPdNI?feature=oembed\" frameborder=\"0\" allow=\"accelerometer; autoplay; clipboard-write; encrypted-media; gyroscope; picture-in-picture; web-share\" referrerpolicy=\"strict-origin-when-cross-origin\" allowfullscreen><\/iframe><\/p>\n<h1><a href=\"https:\/\/www.audioibiza.com\/index.php\/novation-launchkey-61-mk3\/\">TECLADO MIDI NOVATION LAUNCHKEY 61 MK3<\/a><\/h1>\n<p>Para m\u00e1s informaci\u00f3n del producto:<\/p>\n<p><a href=\"https:\/\/novationmusic.com\/en\/keys\/launchkey\" target=\"_blank\" rel=\"noopener\">https:\/\/novationmusic.com\/en\/keys\/launchkey<\/a><\/p>\n","protected":false},"excerpt":{"rendered":"<h4>TECLADO MIDI NOVATION LAUNCHKEY 61 MK3<\/h4>\n<p>Controlador de teclado MIDI de 61 teclas dise\u00f1ado para Ableton Live con acceso inmediato a todos los controles necesarios. Teclado sensible a la velocidad y los 16 pads sensibles a la velocidad permiten un rendimiento expresivo y din\u00e1mico. Tres modos de acordes (fijo, escala y usuario) permiten disparar acordes con un dedo.<\/p>\n<p>Modos de escala que transponen las teclas y pads a las notas de la escala seleccionada. Acceso con un solo toque a la funci\u00f3n de captura MIDI de Ableton Live significa que nunca se pierde una idea. Potente arpegiador que lleva a nuevos lugares mel\u00f3dicos, arm\u00f3nicos y r\u00edtmicos. Salida MIDI de cinco pines funciona con cualquier dispositivo compatible con MIDI.<\/p>\n<p>Pantalla de 16&#215;2 caracteres te permite ver f\u00e1cilmente el estado de lo que est\u00e1s controlando o seleccionando. Software gratuito, incluyendo Ableton Live 10 Lite, instrumentos virtuales, plugins y paquetes de muestras te permiten empezar a crear inmediatamente.<\/p>\n<p>Ajuste de instrumentos y efectos a la perfecci\u00f3n utilizando 8 codificadores rotativos y 9 faders de 45 mm.Cuatro modos personalizados te permiten crear configuraciones de control \u00fanicas para cualquier actuaci\u00f3n o equipo de estudio, utilizando Novation Components.<\/p>\n","protected":false},"featured_media":23220,"template":"","meta":[],"product_cat":[665,706,733],"product_tag":[],"class_list":{"0":"post-22809","1":"product","2":"type-product","3":"status-publish","4":"has-post-thumbnail","6":"product_brand-novation","7":"product_cat-dj","8":"product_cat-produccion-musical","9":"product_cat-teclado-midi","10":"product_shipping_class-muy-grande-y-barato-30","12":"first","13":"outofstock","14":"taxable","15":"shipping-taxable","16":"purchasable","17":"product-type-simple","18":"col-xs-6 col-sm-4","19":"col-md-3 col-lg-3","20":"un-4-cols"},"_links":{"self":[{"href":"https:\/\/www.audioibiza.com\/index.php\/wp-json\/wp\/v2\/product\/22809","targetHints":{"allow":["GET"]}}],"collection":[{"href":"https:\/\/www.audioibiza.com\/index.php\/wp-json\/wp\/v2\/product"}],"about":[{"href":"https:\/\/www.audioibiza.com\/index.php\/wp-json\/wp\/v2\/types\/product"}],"wp:featuredmedia":[{"embeddable":true,"href":"https:\/\/www.audioibiza.com\/index.php\/wp-json\/wp\/v2\/media\/23220"}],"wp:attachment":[{"href":"https:\/\/www.audioibiza.com\/index.php\/wp-json\/wp\/v2\/media?parent=22809"}],"wp:term":[{"taxonomy":"product_cat","embeddable":true,"href":"https:\/\/www.audioibiza.com\/index.php\/wp-json\/wp\/v2\/product_cat?post=22809"},{"taxonomy":"product_tag","embeddable":true,"href":"https:\/\/www.audioibiza.com\/index.php\/wp-json\/wp\/v2\/product_tag?post=22809"}],"curies":[{"name":"wp","href":"https:\/\/api.w.org\/{rel}","templated":true}]}}