{"id":22351,"date":"2020-08-26T01:00:10","date_gmt":"2020-08-25T23:00:10","guid":{"rendered":"https:\/\/www.audioibiza.com\/index.php\/producto\/mesa-de-mezclas-dj-rane-seventy-two-mkii-rane_dj\/"},"modified":"2025-11-20T01:01:20","modified_gmt":"2025-11-20T00:01:20","slug":"rane-seventy-two-mkii","status":"publish","type":"product","link":"https:\/\/www.audioibiza.com\/index.php\/rane-seventy-two-mkii\/","title":{"rendered":"Mesa de mezclas DJ RANE SEVENTY TWO MKII"},"content":{"rendered":"<p><iframe title=\"RANE SEVENTY-TWO MKII | Introduction\" width=\"840\" height=\"473\" src=\"https:\/\/www.youtube.com\/embed\/sXVu-MLrwRU?feature=oembed\" frameborder=\"0\" allow=\"accelerometer; autoplay; clipboard-write; encrypted-media; gyroscope; picture-in-picture; web-share\" referrerpolicy=\"strict-origin-when-cross-origin\" allowfullscreen><\/iframe><\/p>\n<h1><a href=\"https:\/\/www.audioibiza.com\/index.php\/rane-seventy-two-mkii\/\">MESA DE MEZCLAS DJ RANE SEVENTY TWO MKII<\/a><\/h1>\n<p>Para m\u00e1s informaci\u00f3n del producto:<\/p>\n<p><a href=\"https:\/\/www.rane.com\/seventy-two-mkii\" target=\"_blank\" rel=\"noopener\">https:\/\/www.rane.com\/seventy-two-mkii<\/a><\/p>\n","protected":false},"excerpt":{"rendered":"<h4>Mesa de mezclas DJ RANE SEVENTY TWO MKII Premium de 2 canales.<\/h4>\n<p>3 faders nuevos MAG FOUR con ajuste externo de reverso, contorno y corte. Controles de ajuste de tensi\u00f3n de crossfader externos e internos. Controles para conmutar al instante entre doble instant\u00e1neo \/ silent cue \/ sync. Entradas DVS duales &#8211; Auxiliar o Phono\/CD.<\/p>\n<p>S\u00f3lida construcci\u00f3n de acero, construida como un tanque para uso continuo y pesado. Pantalla t\u00e1ctil de 4,3 para la visualizaci\u00f3n de ondas en movimiento, control de efectos, selecci\u00f3n de temas y personalizaciones. Motores FX Flex duales, uno para cada canal.<\/p>\n<p>Control avanzado de Serato: Efecto de software integrado en cadena m\u00e1s un efecto Flex interno por canal. Conexiones USB duales para las transiciones entre DJs. 16 pads de estilo MPC de Akai, controles de modo independiente por deck. Dos entradas de mic &#8211; combo Neutrik, on\/off, tono, selector de nivel de micr\u00f3fono\/l\u00ednea.<\/p>\n<p>E\/S de Sesi\u00f3n en RCA, salida principal XLR balanceada, salida de cabina jack 1\/4 balanceado. Entradas de controlador USB para el controlador RANE TWELVE. Incluye licencia de Serato DJ Pro DVS, Pitch n Time m\u00e1s vinilo Serato DVS Vinilo.<\/p>\n","protected":false},"featured_media":22352,"template":"","meta":[],"product_cat":[665,729,728],"product_tag":[],"class_list":{"0":"post-22351","1":"product","2":"type-product","3":"status-publish","4":"has-post-thumbnail","6":"product_brand-rane_dj","7":"product_cat-dj","8":"product_cat-mesa-de-mezclas-dj","9":"product_cat-mesas-de-mezclas-dj","11":"first","12":"outofstock","13":"taxable","14":"shipping-taxable","15":"purchasable","16":"product-type-simple","17":"col-xs-6 col-sm-4","18":"col-md-3 col-lg-3","19":"un-4-cols"},"_links":{"self":[{"href":"https:\/\/www.audioibiza.com\/index.php\/wp-json\/wp\/v2\/product\/22351","targetHints":{"allow":["GET"]}}],"collection":[{"href":"https:\/\/www.audioibiza.com\/index.php\/wp-json\/wp\/v2\/product"}],"about":[{"href":"https:\/\/www.audioibiza.com\/index.php\/wp-json\/wp\/v2\/types\/product"}],"wp:featuredmedia":[{"embeddable":true,"href":"https:\/\/www.audioibiza.com\/index.php\/wp-json\/wp\/v2\/media\/22352"}],"wp:attachment":[{"href":"https:\/\/www.audioibiza.com\/index.php\/wp-json\/wp\/v2\/media?parent=22351"}],"wp:term":[{"taxonomy":"product_cat","embeddable":true,"href":"https:\/\/www.audioibiza.com\/index.php\/wp-json\/wp\/v2\/product_cat?post=22351"},{"taxonomy":"product_tag","embeddable":true,"href":"https:\/\/www.audioibiza.com\/index.php\/wp-json\/wp\/v2\/product_tag?post=22351"}],"curies":[{"name":"wp","href":"https:\/\/api.w.org\/{rel}","templated":true}]}}