{"id":17434,"date":"2019-11-14T12:22:11","date_gmt":"2019-11-14T11:22:11","guid":{"rendered":"https:\/\/www.audioibiza.com\/?post_type=product&#038;p=17434"},"modified":"2024-09-04T12:09:44","modified_gmt":"2024-09-04T10:09:44","slug":"amplificador-yamaha-as201","status":"publish","type":"product","link":"https:\/\/www.audioibiza.com\/index.php\/amplificador-yamaha-as201\/","title":{"rendered":"Amplificador YAMAHA AS201"},"content":{"rendered":"<div id=\"d258893\" class=\"h3-image-left\">\n<div class=\"container-fluid\">\n<p><iframe title=\"EN - R-S201, A-S201, R-N500 \/ Yamaha @ IFA 2013\" width=\"840\" height=\"473\" src=\"https:\/\/www.youtube.com\/embed\/2PU7vbdZpKs?feature=oembed\" frameborder=\"0\" allow=\"accelerometer; autoplay; clipboard-write; encrypted-media; gyroscope; picture-in-picture; web-share\" referrerpolicy=\"strict-origin-when-cross-origin\" allowfullscreen><\/iframe><\/p>\n<h1>Amplificador YAMAHA AS201<\/h1>\n<h2>Alta calidad de sonido Yamaha<\/h2>\n<div class=\"clearfix\">\n<p>Yamaha, con 125 a\u00f1os de historia como fabricante de instrumentos musicales, tambi\u00e9n se ha forjado una excelente reputaci\u00f3n por sus componentes de alta fidelidad. El <a href=\"https:\/\/www.audioibiza.com\/index.php\/amplificador-yamaha-as201\/\">A-S201<\/a> se desarroll\u00f3 aprovechando esta amplia experiencia y alta especializaci\u00f3n tecnol\u00f3gica. Basado en el concepto de \u00absonido natural\u00bb para reproducir toda la m\u00fasica exactamente como suena y fabricado con un cuidado exquisito desde el diseno de circuitos hasta la producci\u00f3n de sonido b\u00e1sica, este modelo, pese a ser de gama b\u00e1sica, reproduce un sonido de alta calidad con una gran riqueza musical.<\/p>\n<\/div>\n<\/div>\n<\/div>\n<div id=\"d258894\" class=\"h3-image-left\">\n<div class=\"container-fluid\">\n<h2>Alta potencia de salida de 100W\u00d72 y dise\u00f1o de circuitos que garantiza una alta calidad de sonido<\/h2>\n<div class=\"clearfix\">\n<p>El A-S201, con una potencia de 100 W* \u00d7 2 \u00fanica en su categor\u00eda, tiene un diseno que garantiza una alta calidad de sonido minimizando la longitud de los caminos de senal y optimizando la configuraci\u00f3n de circuitos. Al colocar el transformador de potencia cerca del circuito del amplificador de potencia se reduce la p\u00e9rdida de potencia y se mejora la capacidad de alimentaci\u00f3n m\u00e1xima para permitir una alta potencia de salida. La tierra de la senal y la tierra de la fuente de alimentaci\u00f3n est\u00e1n conectadas en un mismo punto, lo que permite eliminar las interferencias mutuas para lograr una mayor relaci\u00f3n senal\/ruido. El resultado es un sonido extremadamente claro y amplio.<\/p>\n<\/div>\n<\/div>\n<\/div>\n<div id=\"d258895\" class=\"h3-image-bottom\">\n<div class=\"container-fluid\">\n<h2>Modo Pure Direct para una mayor pureza de sonido<\/h2>\n<p>Cuando se activa el modo Pure Direct, la senal de audio ignora los circuitos de control de graves, agudos y balance y el amplificador separador. Ello permite mejorar la calidad del sonido manteniendo su potencia. Al acortar el recorrido de la senal se consigue una mayor pureza de sonido, pudi\u00e9ndose reproducir hasta los matices m\u00e1s sutiles de la m\u00fasica.<\/p>\n<\/div>\n<\/div>\n<div id=\"d258896\" class=\"h3-image-right\">\n<div class=\"container-fluid\">\n<h2>Dise\u00f1o a la vez sencillo y sofisticado<\/h2>\n<div class=\"clearfix\">\n<p>El A-S201 presenta el diseno a la vez sencillo y sofisticado por el que son famosos los componentes de audio de alta fidelidad de Yamaha. Con su elegante acabado estriado, combina perfectamente con otros equipos de audio de alta fidelidad. Los botones de control y el bot\u00f3n de volumen tambi\u00e9n reflejan nuestra voluntad de ofrecer sencillez y facilidad de uso.<\/p>\n<\/div>\n<\/div>\n<\/div>\n<div id=\"d258897\" class=\"h3-image-right\">\n<div class=\"container-fluid\">\n<h2>Terminal Phono MM para la reproducci\u00f3n de vinilos y terminales de altavoz tipo tornillo<\/h2>\n<div class=\"clearfix\">\n<p>El A-S201 est\u00e1 equipado con un terminal de entrada Phono MM para conectar un giradiscos. Con un total de cinco terminales de entrada, puede servir de unidad central para diferentes tipos de sistemas de sonido. Sus terminales de altavoz tipo tornillo de gran tamano permiten conectar de forma segura gruesos cables de altavoz.<\/p>\n<\/div>\n<\/div>\n<\/div>\n<div id=\"d258898\" class=\"h3-image-left\">\n<div class=\"container-fluid\">\n<h3>Ahorro de energ\u00eda<\/h3>\n<div class=\"clearfix\">\n<p>Una funci\u00f3n de gesti\u00f3n de energ\u00eda corta autom\u00e1ticamente la alimentaci\u00f3n (situando la unidad en modo standby) cuando el amplificador lleva mucho tiempo sin usarse. Se puede ajustar en 2, 4, 8 \u00f3 12 horas o apagar. Adem\u00e1s, el consumo en modo standby es de tan s\u00f3lo 0,5 W, lo que supone un excelente ahorro energ\u00e9tico.<\/p>\n<\/div>\n<\/div>\n<\/div>\n<div id=\"d258899\" class=\"h3-image-left\">\n<div class=\"container-fluid\">\n<h3>Otras caracter\u00edsticas destacables<\/h3>\n<div class=\"clearfix\">\n<p>\u2022 Simple design remote control<\/p>\n<p>\u2022 Speaker A, B or A+B selection<\/p>\n<p>\u2022 Head phone terminal<\/p>\n<\/div>\n<\/div>\n<\/div>\n<div class=\"spectable-stickyheader-anchor-begin\" aria-hidden=\"true\"><\/div>\n<table class=\"table table-bordered\">\n<thead>\n<tr class=\"active\">\n<th colspan=\"2\">\n<h3>Especificaciones<\/h3>\n<\/th>\n<th class=\"spectable-colnumber-0\" scope=\"col\"><\/th>\n<\/tr>\n<\/thead>\n<tbody>\n<tr class=\"active\">\n<th colspan=\"3\" aria-hidden=\"true\"><\/th>\n<\/tr>\n<tr>\n<th class=\"active\" colspan=\"2\" scope=\"row\">Maximum Power (4 ohms, 1kHz, 0.7% THD, for Europe)<\/th>\n<td class=\"spectable-colnumber-0\">140 W + 140 W<\/td>\n<\/tr>\n<tr>\n<th class=\"active\" colspan=\"2\" scope=\"row\">Maximum Power(8 ohms, 1 kHz, 10% THD)<\/th>\n<td class=\"spectable-colnumber-0\">100 W + 100 W<\/td>\n<\/tr>\n<tr>\n<th class=\"active\" colspan=\"2\" scope=\"row\">High Dynamic Power\/Channel (8\/6\/4\/2 ohms)<\/th>\n<td class=\"spectable-colnumber-0\">125 W\/150 W\/165 W\/180 W<\/td>\n<\/tr>\n<tr>\n<th class=\"active\" colspan=\"2\" scope=\"row\">Frequency Response<\/th>\n<td class=\"spectable-colnumber-0\">10 Hz\u2013100 kHz(0 \u00b1 0.5 dB \/ 0 \u00b1 3.0 dB)<\/td>\n<\/tr>\n<tr>\n<th class=\"active\" colspan=\"2\" scope=\"row\">Total Harmonic Distortion (CD to Sp Out, 20 Hz-20 kHz)<\/th>\n<td class=\"spectable-colnumber-0\">0.2%<\/td>\n<\/tr>\n<tr>\n<th class=\"active\" colspan=\"2\" scope=\"row\">Signal-to-Noise Ratio (CD)<\/th>\n<td class=\"spectable-colnumber-0\">100 dB (S: 500 mV)<\/td>\n<\/tr>\n<tr>\n<th class=\"active\" colspan=\"2\" scope=\"row\">Input Sensitivity (CD)<\/th>\n<td class=\"spectable-colnumber-0\">500 mV \/ 47 k-ohms<\/td>\n<\/tr>\n<tr>\n<th class=\"active\" colspan=\"2\" scope=\"row\">Standby Power Consumption<\/th>\n<td class=\"spectable-colnumber-0\">0.5 W<\/td>\n<\/tr>\n<tr>\n<th class=\"active\" colspan=\"2\" scope=\"row\">Dimensions (W x H x D)<\/th>\n<td class=\"spectable-colnumber-0\">435 x 141 x 333 mm; 17-1\/8\u201d x 5-1\/2\u201d x 13-1\/8\u201d<\/td>\n<\/tr>\n<tr>\n<th class=\"active\" colspan=\"2\" scope=\"row\">Weight<\/th>\n<td class=\"spectable-colnumber-0\">6.7 kg; 14.8 lbs.<\/td>\n<\/tr>\n<\/tbody>\n<\/table>\n<p>\u00a0<\/p>\n<p>Para m\u00e1s informaci\u00f3n del producto:<\/p>\n<p><a href=\"http:\/\/www.yamaha.maygap.com\/en\/products\/audio_visual\/hifi_components\/a-s201\/index.html\" target=\"_blank\" rel=\"noopener\">http:\/\/www.yamaha.maygap.com\/en\/products\/audio_visual\/hifi_components\/a-s201\/index.html<\/a><\/p>\n","protected":false},"excerpt":{"rendered":"<h4>AMPLIFICADOR YAMAHA AS201<\/h4>\n<p>Alta calidad de sonido y sofisticado dise\u00f1o fruto de la amplia experiencia de Yamaha en la fabricaci\u00f3n de modelos de alta gama. Un amplificador HiFi para disfrutar de un excelente sonido.<\/p>\n<ul>\n<li>AAlta calidad de sonido Yamaha, fruto de numerosos a\u00f1os de experiencia y tradici\u00f3n y de una alta especializaci\u00f3n tecnol\u00f3gica<\/li>\n<li>Modo Pure Direct para una mayor pureza de sonido<\/li>\n<li>Dise\u00f1o a la vez sencillo y sofisticado<\/li>\n<li>Terminal Phono MM para la reproducci\u00f3n de vinilos<\/li>\n<li>Terminales de altavoz tipo tornillo<\/li>\n<li>Selector de altavoces y terminales de altavoz para dos sistemas<\/li>\n<li>Mando a distancia de dise\u00f1o sencillo<\/li>\n<li>Toma de auriculares<\/li>\n<\/ul>\n","protected":false},"featured_media":17435,"template":"","meta":[],"product_cat":[700,1045,1044],"product_tag":[],"class_list":{"0":"post-17434","1":"product","2":"type-product","3":"status-publish","4":"has-post-thumbnail","6":"product_brand-yamaha","7":"product_cat-audio-video-hifi","8":"product_cat-amplificador-estereo","9":"product_cat-amplificadores-estereo-home-cinema","10":"product_shipping_class-mediano-y-barato-16","12":"first","13":"outofstock","14":"taxable","15":"shipping-taxable","16":"product-type-simple","17":"col-xs-6 col-sm-4","18":"col-md-3 col-lg-3","19":"un-4-cols"},"_links":{"self":[{"href":"https:\/\/www.audioibiza.com\/index.php\/wp-json\/wp\/v2\/product\/17434","targetHints":{"allow":["GET"]}}],"collection":[{"href":"https:\/\/www.audioibiza.com\/index.php\/wp-json\/wp\/v2\/product"}],"about":[{"href":"https:\/\/www.audioibiza.com\/index.php\/wp-json\/wp\/v2\/types\/product"}],"wp:featuredmedia":[{"embeddable":true,"href":"https:\/\/www.audioibiza.com\/index.php\/wp-json\/wp\/v2\/media\/17435"}],"wp:attachment":[{"href":"https:\/\/www.audioibiza.com\/index.php\/wp-json\/wp\/v2\/media?parent=17434"}],"wp:term":[{"taxonomy":"product_cat","embeddable":true,"href":"https:\/\/www.audioibiza.com\/index.php\/wp-json\/wp\/v2\/product_cat?post=17434"},{"taxonomy":"product_tag","embeddable":true,"href":"https:\/\/www.audioibiza.com\/index.php\/wp-json\/wp\/v2\/product_tag?post=17434"}],"curies":[{"name":"wp","href":"https:\/\/api.w.org\/{rel}","templated":true}]}}