{"id":14436,"date":"2019-09-25T18:06:59","date_gmt":"2019-09-25T16:06:59","guid":{"rendered":"https:\/\/www.audioibiza.com\/?post_type=product&#038;p=14436"},"modified":"2023-04-24T16:09:24","modified_gmt":"2023-04-24T14:09:24","slug":"auriculares-estudio-yamaha-hph-mt5","status":"publish","type":"product","link":"https:\/\/www.audioibiza.com\/index.php\/auriculares-estudio-yamaha-hph-mt5\/","title":{"rendered":"Auriculares estudio YAMAHA HPH-MT5"},"content":{"rendered":"<p><iframe title=\"(EN) HPH-PRO Series \/ Headphones - Yamaha @ IFA 2012\" width=\"840\" height=\"473\" src=\"https:\/\/www.youtube.com\/embed\/6j_8sR88e4s?feature=oembed\" frameborder=\"0\" allow=\"accelerometer; autoplay; clipboard-write; encrypted-media; gyroscope; picture-in-picture; web-share\" referrerpolicy=\"strict-origin-when-cross-origin\" allowfullscreen><\/iframe><\/p>\n<h1>Auriculares Estudio YAMAHA HPH-MT5<\/h1>\n<p>Se necesita un producto completamente original para convertirse en un est\u00e1ndar de la industria, y desde su inicio, los altavoces de monitores de estudio NS-10M de Yamaha se convirtieron en el pilar de los estudios profesionales de todo el mundo, reconocidos por su legendaria precisi\u00f3n.<\/p>\n<p>Desde el NS-10M hasta la serie MSP y HS, Yamaha se ha mantenido fiel a una filosof\u00eda de dise\u00f1o centrada en ofrecer la precisi\u00f3n s\u00f3nica que proporciona a los profesionales del sonido la plataforma perfecta para desarrollar y establecer su propio sonido caracter\u00edstico.<\/p>\n<p>Los auriculares de monitorizaci\u00f3n de estudio de la serie MT se mantienen fieles a este concepto fundamental, proporcionando una reproducci\u00f3n de sonido de precisi\u00f3n que cumple con los exigentes requisitos de las aplicaciones profesionales de monitorizaci\u00f3n y estudio de hoy en d\u00eda.<\/p>\n<p>Con una fidelidad inigualable y un dise\u00f1o tan elegante como resistente para poder soportar los rigores de las giras, los auriculares de la<a href=\"https:\/\/www.audioibiza.com\/index.php\/auriculares-estudio-yamaha-hph-mt5\/\"> serie MT<\/a> de Yamaha proporcionan un nivel de confort que se agradece mucho cuando hay que pasar horas y horas en entornos de escucha de vital importancia.<\/p>\n<p>Auriculares de monitorizaci\u00f3n de alta gama que proporcionan un sonido equilibrado fiel a la fuente original. Perfectos para el estudio, para la producci\u00f3n musical en casa o como auriculares personales. Gran portabilidad gracias a su dise\u00f1o de brazos plegables y a su peso ligero: 250 g.<\/p>\n<ul>\n<li>Transductores de 40mm dise\u00f1ados con bobinas de voz CCAW que proporcionan un amplio rango de frecuencias: de 20 Hz a 20 kHz.<\/li>\n<li>Dise\u00f1o circumaural cerrado por la parte posterior que consigue un excelente aislamiento.<\/li>\n<li>Su peso ligero de 250 g y sus almohadillas de cuero sint\u00e9tico y baja resistencia aseguran m\u00e1xima comodidad.<\/li>\n<li>Construcci\u00f3n con pivote de brazo tridimensional y longitud ajustable mediante un mecanismo deslizante que alivia el cansancio.<\/li>\n<li>Pr\u00e1ctica bolsa de transporte incluida.<\/li>\n<li>Duradera carcasa ABS de gran grosor y brazos plegables para facilitar el uso en entornos de trabajo o de viaje complicados.<\/li>\n<li>Cable recto de 3m id\u00f3neo para diversos usos y aplicaciones (adaptador para jack est\u00e9reo est\u00e1ndar de 6,3 mm de di\u00e1metro incluido)<\/li>\n<li>Cascos de los auriculares desplazables para poder monitorizar con un solo o\u00eddo<\/li>\n<\/ul>\n<table class=\"table table-bordered\">\n<thead>\n<tr class=\"active\">\n<th colspan=\"2\"><\/th>\n<th class=\"spectable-colnumber-0\" scope=\"col\"><\/th>\n<\/tr>\n<\/thead>\n<tbody>\n<tr class=\"active\">\n<th colspan=\"3\" aria-hidden=\"true\">\n<h2>General specifications<\/h2>\n<\/th>\n<\/tr>\n<tr>\n<th class=\"active\" colspan=\"2\" scope=\"row\">Tipo<\/th>\n<td class=\"spectable-colnumber-0\">Closed-back, Circumaural (Over Ear)<\/td>\n<\/tr>\n<tr>\n<th class=\"active\" colspan=\"2\" scope=\"row\">Frequency Response<\/th>\n<td class=\"spectable-colnumber-0\">20Hz &#8211; 20kHz<\/td>\n<\/tr>\n<tr>\n<th class=\"active\" colspan=\"2\" scope=\"row\">Sensitivity (SPL)<\/th>\n<td class=\"spectable-colnumber-0\">100dB\/mW<\/td>\n<\/tr>\n<tr>\n<th class=\"active\" colspan=\"2\" scope=\"row\">Maximum Input Power<\/th>\n<td class=\"spectable-colnumber-0\">1600 mW (at 1kHz)<\/td>\n<\/tr>\n<tr>\n<th class=\"active\" colspan=\"2\" scope=\"row\">Impedance<\/th>\n<td class=\"spectable-colnumber-0\">51 \u03a9 (at 1kHz)<\/td>\n<\/tr>\n<tr>\n<th class=\"active\" colspan=\"2\" scope=\"row\">Driver Unit<\/th>\n<td class=\"spectable-colnumber-0\">40 mm, Dynamic, CCAW Voice Coil<\/td>\n<\/tr>\n<tr>\n<th class=\"active\" colspan=\"2\" scope=\"row\">Cable<\/th>\n<td class=\"spectable-colnumber-0\">3.0m (9.8ft), straight cable<\/td>\n<\/tr>\n<tr>\n<th class=\"active\" colspan=\"2\" scope=\"row\">Connector<\/th>\n<td class=\"spectable-colnumber-0\">3.5mm (1\/8\u201d) stereo with 6.3mm (1\/4\u201d) stereo adaptor<\/td>\n<\/tr>\n<tr>\n<th class=\"active\" colspan=\"2\" scope=\"row\">Dimensions (W x H x D)<\/th>\n<td class=\"spectable-colnumber-0\">165 x 203 x 88 mm (6.5&#8243; x 8.0&#8243; x 3.5&#8243;) (Without cable&amp;plug)<\/td>\n<\/tr>\n<tr>\n<th class=\"active\" colspan=\"2\" scope=\"row\">Weight<\/th>\n<td class=\"spectable-colnumber-0\">245g (0.5lbs) (Without cable&amp;plug)<\/td>\n<\/tr>\n<tr>\n<th class=\"active\" colspan=\"2\" scope=\"row\">Accessories<\/th>\n<td class=\"spectable-colnumber-0\">3.0m Straight cable, Threaded 6.3mm (1\/4&#8243;) gold-plated adaptor, Nylon carrying bag<\/td>\n<\/tr>\n<\/tbody>\n<\/table>\n<p>&nbsp;<\/p>\n<p>Para m\u00e1s informaci\u00f3n del producto:<\/p>\n<p><a href=\"https:\/\/es.yamaha.com\/es\/products\/proaudio\/headphones\/hph-mt5\/features.html#product-tabs\" target=\"_blank\" rel=\"noopener\">https:\/\/es.yamaha.com\/es\/products\/proaudio\/headphones\/hph-mt5\/features.html#product-tabs<\/a><\/p>\n","protected":false},"excerpt":{"rendered":"<h4>AURICULARES ESTUDIO YAMAHA HPH-MT5<\/h4>\n<p>Auricular profesional tipo cerrado, dise\u00f1o circumaural, transductores de 40mm, alta fidelidad, indicado tanto para recording como directo. Color negro.<\/p>\n","protected":false},"featured_media":14437,"template":"","meta":[],"product_cat":[665,737,860],"product_tag":[],"class_list":{"0":"post-14436","1":"product","2":"type-product","3":"status-publish","4":"has-post-thumbnail","6":"product_brand-yamaha","7":"product_cat-dj","8":"product_cat-auriculares","9":"product_cat-auriculares-estudio","10":"product_shipping_class-pequeno-y-barato-10","12":"first","13":"instock","14":"taxable","15":"shipping-taxable","16":"purchasable","17":"product-type-simple","18":"col-xs-6 col-sm-4","19":"col-md-3 col-lg-3","20":"un-4-cols"},"_links":{"self":[{"href":"https:\/\/www.audioibiza.com\/index.php\/wp-json\/wp\/v2\/product\/14436","targetHints":{"allow":["GET"]}}],"collection":[{"href":"https:\/\/www.audioibiza.com\/index.php\/wp-json\/wp\/v2\/product"}],"about":[{"href":"https:\/\/www.audioibiza.com\/index.php\/wp-json\/wp\/v2\/types\/product"}],"wp:featuredmedia":[{"embeddable":true,"href":"https:\/\/www.audioibiza.com\/index.php\/wp-json\/wp\/v2\/media\/14437"}],"wp:attachment":[{"href":"https:\/\/www.audioibiza.com\/index.php\/wp-json\/wp\/v2\/media?parent=14436"}],"wp:term":[{"taxonomy":"product_cat","embeddable":true,"href":"https:\/\/www.audioibiza.com\/index.php\/wp-json\/wp\/v2\/product_cat?post=14436"},{"taxonomy":"product_tag","embeddable":true,"href":"https:\/\/www.audioibiza.com\/index.php\/wp-json\/wp\/v2\/product_tag?post=14436"}],"curies":[{"name":"wp","href":"https:\/\/api.w.org\/{rel}","templated":true}]}}