{"id":14373,"date":"2019-09-25T13:00:45","date_gmt":"2019-09-25T11:00:45","guid":{"rendered":"https:\/\/www.audioibiza.com\/?post_type=product&#038;p=14373"},"modified":"2026-01-16T10:08:30","modified_gmt":"2026-01-16T09:08:30","slug":"sampler-pioneer-dj-djs-1000","status":"publish","type":"product","link":"https:\/\/www.audioibiza.com\/index.php\/sampler-pioneer-dj-djs-1000\/","title":{"rendered":"Sampler PIONEER DJ DJS-1000"},"content":{"rendered":"<p><iframe title=\"Pioneer DJ DJS-1000 Official Introduction\" width=\"840\" height=\"473\" src=\"https:\/\/www.youtube.com\/embed\/yP7MeTdd3Qw?feature=oembed\" frameborder=\"0\" allow=\"accelerometer; autoplay; clipboard-write; encrypted-media; gyroscope; picture-in-picture; web-share\" referrerpolicy=\"strict-origin-when-cross-origin\" allowfullscreen><\/iframe><\/p>\n<h1>Sampler PIONEER DJ DJS-1000<\/h1>\n<p>A\u00f1ade el <a href=\"https:\/\/www.audioibiza.com\/index.php\/sampler-pioneer-dj-djs-1000\/\">sampler Pioneer DJ DJS-1000<\/a> a tu configuraci\u00f3n DJ para crear de forma intuitiva sonidos y frases \u00fanicas preparadas previamente, o sobre la marcha. Utiliza su interfaz DJ intuitiva para secuenciar y hacer loops de tus samples como desees.<\/p>\n<p>Con una pantalla t\u00e1ctil de 7 pulgadas a todo color, 16 keys multicolores de entrada por pasos, performance pads multicolores, una gran cantidad de entradas y salidas, muestreo en vivo y otras caracter\u00edsticas para directo, con el DJS-1000 en la cabina llevar\u00e1s tus sets al siguiente nivel.<\/p>\n<ul>\n<li>\n<div class=\"feature compact\">\n<div class=\"head\">\n<h2 class=\"h3\">SECUENCIADOR POR PASOS<\/h2>\n<\/div>\n<div class=\"body\">\n<p>Crea f\u00e1cilmente un nuevo groove tocando las 16 teclas de entrada grandes y multicolores. Gracias al cambio de colores de las teclas, puedes visualizar la informaci\u00f3n de la secuencia en cada pista, en todo momento.<\/p>\n<\/div>\n<\/div>\n<\/li>\n<li>\n<div class=\"feature compact\">\n<div class=\"head\">\n<h2 class=\"h3\">PADS CON SENSIBILIDAD PARA UNA EXPERIENCIA T\u00c1CTIL<\/h2>\n<\/div>\n<div class=\"body\">\n<p>Carga hasta 16 muestras en los pads, y luego golpea con el dedo a diferentes velocidades para disparar muestras al vuelo. Las luces reflejan los colores que has asignado a cada sonido, mientras que el modo velocidad te permite controlar el volumen de la muestra dependiendo de la fuerza con que golpees el pad.<\/p>\n<\/div>\n<\/div>\n<\/li>\n<li>\n<div class=\"feature compact\">\n<div class=\"head\">\n<h2 class=\"h3\">BANDA T\u00c1CTIL<\/h2>\n<\/div>\n<div class=\"body\">\n<p>Simplemente toca la banda t\u00e1ctil para cambiar el tono mientras utilizas la funci\u00f3n Pitch Bend o reproduce una secuencia de tambor pulsando la opci\u00f3n Note Repeat. Personaliza par\u00e1metros para obtener posibilidades a\u00fan m\u00e1s creativas.<\/p>\n<\/div>\n<\/div>\n<\/li>\n<li>\n<div class=\"feature compact\">\n<div class=\"head\">\n<h2 class=\"h3\">PANTALLA T\u00c1CTIL DE 7 PULGADAS<\/h2>\n<\/div>\n<div class=\"body\">\n<p>Toca la pantalla LCD para acceder instant\u00e1neamente a una de las tres pantallas. La pantalla de Inicio muestra una vista general de los samples asignados, la pantalla Sequence muestra el patr\u00f3n de secuencia que se est\u00e1 reproduciendo y en la pantalla Mixer puedes ajustar el volumen de cada pista.<\/p>\n<\/div>\n<\/div>\n<\/li>\n<li>\n<div class=\"feature compact\">\n<div class=\"head\">\n<h2 class=\"h3\">SINCRONIZACI\u00d3N PRECISA<\/h2>\n<\/div>\n<div class=\"body\">\n<p>Sincroniza tu DJS-1000 con una configuraci\u00f3n de CDJ o XDJ usando Pro DJ Link. Gracias a la funci\u00f3n Beat Sync, un control deslizante de tempo y un bot\u00f3n Nudge, ajustar\u00e1s el tempo y la posici\u00f3n del beat manualmente, tal como lo har\u00edas en un giradiscos.<\/p>\n<\/div>\n<\/div>\n<\/li>\n<li>\n<div class=\"feature compact active\">\n<div class=\"head\">\n<h2 class=\"h3\">SAMPLEA EN DIRECTO<\/h2>\n<\/div>\n<div class=\"body\">\n<p>Samplea sonidos de entrada y \u00fasalos instant\u00e1neamente como pistas individuales. Los sonidos de tus samples se sincronizan autom\u00e1ticamente con la secuencia actual. Reproduce en un loop y d\u00e9jalos caer directamente en un remix en directo.<\/p>\n<\/div>\n<\/div>\n<p>&nbsp;<\/li>\n<\/ul>\n<h3>FX<\/h3>\n<p>A\u00f1ade un toque especial a tu set e insp\u00edrate en el momento, usando varios FX para mejorar tus pistas con facilidad, cambiando el tono de la pista sobre la marcha<\/p>\n<h3>Creado para la cabina<\/h3>\n<p>El DJS-1000 se acoplar\u00e1 a tu configuraci\u00f3n NXS2 en la cabina.<\/p>\n<h3>Soporta USB<\/h3>\n<p>Administra tus proyectos y samples f\u00e1cilmente con la entrada USB, que te permite navegar por tus pistas de un vistazo y tener toda tu biblioteca a tu alcance.<\/p>\n<h3>Samples incorporados<\/h3>\n<p>Comienza a pinchar con el DJS-1000 en cuanto los saques de la caja mediante el uso de los samples Loopmaster incorporados y enriquece tus pistas.<\/p>\n<h3>Compatible con DJS-TSP Project Creator<\/h3>\n<p>Crea proyectos y SCENEs en un PC o Mac usando el\u00a0<a href=\"https:\/\/www.pioneerdj.com\/es-es\/product\/dj-sampler\/djs-1000\/black\/support\/\" target=\"_blank\" rel=\"noopener\">software DJS-TSP Project Creator<\/a>\u00a0que es compatible con el DJS-1000.<\/p>\n<h3>Compatible con TORAIZ SP-16<\/h3>\n<p>\u00bfQuieres reproducir archivos creados con TORAIZ SP-16? El DJS-1000 reproduce tus creaciones como cualquier otra pista.<\/p>\n<h3>Splice Sounds<\/h3>\n<p>Tu DJS-1000 se integra con la extensa biblioteca de samples de\u00a0<a class=\"lnk-external\" href=\"https:\/\/splice.com\/features\/sounds\" target=\"_blank\" rel=\"noopener noreferrer\">Splice<\/a>. Prepara y administra kits de sonido y secuencias en la nube y c\u00e1rgalos en el sampler para tu pr\u00f3xima actuaci\u00f3n.<\/p>\n<p>&nbsp;<\/p>\n<div class=\"folder__container js-folder js-folder--is-open\">\n<h4 class=\"folder__trigger js-folder__header js-folder__header--is-open\">Funciones principales<i class=\"ico\"><\/i><\/h4>\n<div class=\"folder__content js-folder__content js-folder__content--is-open\">\n<table class=\"specs-table\">\n<tbody>\n<tr>\n<th class=\"specs-table__lbl\">\n<p class=\"h6\">Contenido de la caja<\/p>\n<\/th>\n<td class=\"specs-table__val\">\n<ul class=\"list-rotary\">\n<li>Cable de corriente<\/li>\n<li>Cable LAN<\/li>\n<li>Cable USB<\/li>\n<li>Cable RCA pin<\/li>\n<li>Manual de instrucciones<\/li>\n<\/ul>\n<\/td>\n<\/tr>\n<\/tbody>\n<\/table>\n<\/div>\n<\/div>\n<div class=\"folder__container js-folder js-folder--is-open\">\n<h4 class=\"folder__trigger js-folder__header js-folder__header--is-open\">Especificaciones<i class=\"ico\"><\/i><\/h4>\n<div class=\"folder__content js-folder__content js-folder__content--is-open\">\n<table class=\"specs-table\">\n<tbody>\n<tr>\n<th class=\"specs-table__lbl\">\n<p class=\"h6\">Ancho<\/p>\n<\/th>\n<td class=\"specs-table__val\">320 mm<\/td>\n<\/tr>\n<tr>\n<th class=\"specs-table__lbl\">\n<p class=\"h6\">Alto<\/p>\n<\/th>\n<td class=\"specs-table__val\">110,1 mm<\/td>\n<\/tr>\n<tr>\n<th class=\"specs-table__lbl\">\n<p class=\"h6\">Profundo<\/p>\n<\/th>\n<td class=\"specs-table__val\">421,6 mm<\/td>\n<\/tr>\n<tr>\n<th class=\"specs-table__lbl\">\n<p class=\"h6\">Peso<\/p>\n<\/th>\n<td class=\"specs-table__val\">5,4 kg<\/td>\n<\/tr>\n<tr>\n<th class=\"specs-table__lbl\">\n<p class=\"h6\">Rango de frecuencia<\/p>\n<\/th>\n<td class=\"specs-table__val\">20 &#8211; 20000 Hz<\/td>\n<\/tr>\n<\/tbody>\n<\/table>\n<\/div>\n<\/div>\n<div class=\"folder__container js-folder js-folder--is-open\">\n<h4 class=\"folder__trigger js-folder__header js-folder__header--is-open\">Terminales<\/h4>\n<div class=\"folder__content js-folder__content js-folder__content--is-open\">\n<table class=\"specs-table\">\n<tbody>\n<tr>\n<th class=\"specs-table__lbl\">\n<p class=\"h6\">Entradas<\/p>\n<\/th>\n<td class=\"specs-table__val\">1 ENTRADA (L\/MONO y R, jack TS de 1\/4 de pulgada)<\/td>\n<\/tr>\n<tr>\n<th class=\"specs-table__lbl\">\n<p class=\"h6\">Salidas<\/p>\n<\/th>\n<td class=\"specs-table__val\">\n<ul>\n<li>2 HEADPHONE MONITOR ( Jack est\u00e9reo de \u00bc de pulgada, mini jack de 3.5 mm)<\/li>\n<li>THRU \/ OUTPUT2 x 1 (jack TS de 1\/4 de pulgada)<\/li>\n<li>1 OUTPUT1 (RCA)<\/li>\n<\/ul>\n<\/td>\n<\/tr>\n<tr>\n<th class=\"specs-table__lbl\">\n<p class=\"h6\">MIDI<\/p>\n<\/th>\n<td class=\"specs-table__val\">\n<ul>\n<li>1 MIDI IN (5P DIN)<\/li>\n<li>1 MIDI OUT\/THRU (5P DIN)<\/li>\n<\/ul>\n<\/td>\n<\/tr>\n<\/tbody>\n<\/table>\n<\/div>\n<\/div>\n<p>&nbsp;<\/p>\n<p>Para m\u00e1s informaci\u00f3n del producto:<\/p>\n<p><a href=\"https:\/\/www.pioneerdj.com\/es-es\/product\/dj-sampler\/djs-1000\/black\/overview\/\" target=\"_blank\" rel=\"noopener\">https:\/\/www.pioneerdj.com\/es-es\/product\/dj-sampler\/djs-1000\/black\/overview\/<\/a><\/p>\n","protected":false},"excerpt":{"rendered":"<div class=\"head\">\n<h4 class=\"desc\">Sampler Pioneer DJ DJS-1000 independiente<\/h4>\n<p>A\u00f1ade el Pioneer DJ DJS-1000 a tu configuraci\u00f3n DJ para crear de forma intuitiva sonidos y frases \u00fanicas preparadas previamente, o sobre la marcha. Utiliza su interfaz DJ intuitiva para secuenciar y hacer loops de tus samples como desees.<\/p>\n<p>Con una pantalla t\u00e1ctil de 7 pulgadas a todo color, 16 keys multicolores de entrada por pasos, performance pads multicolores, una gran cantidad de entradas y salidas, muestreo en vivo y otras caracter\u00edsticas para directo, con el DJS-1000 en la cabina lleva tus sets al siguiente nivel.<\/p>\n<\/div>\n","protected":false},"featured_media":15892,"template":"","meta":[],"product_cat":[665,1032],"product_tag":[],"class_list":{"0":"post-14373","1":"product","2":"type-product","3":"status-publish","4":"has-post-thumbnail","6":"product_brand-pioneer-dj","7":"product_cat-dj","8":"product_cat-modulo-efectos-dj","10":"first","11":"outofstock","12":"taxable","13":"shipping-taxable","14":"purchasable","15":"product-type-simple","16":"col-xs-6 col-sm-4","17":"col-md-3 col-lg-3","18":"un-4-cols"},"_links":{"self":[{"href":"https:\/\/www.audioibiza.com\/index.php\/wp-json\/wp\/v2\/product\/14373","targetHints":{"allow":["GET"]}}],"collection":[{"href":"https:\/\/www.audioibiza.com\/index.php\/wp-json\/wp\/v2\/product"}],"about":[{"href":"https:\/\/www.audioibiza.com\/index.php\/wp-json\/wp\/v2\/types\/product"}],"wp:featuredmedia":[{"embeddable":true,"href":"https:\/\/www.audioibiza.com\/index.php\/wp-json\/wp\/v2\/media\/15892"}],"wp:attachment":[{"href":"https:\/\/www.audioibiza.com\/index.php\/wp-json\/wp\/v2\/media?parent=14373"}],"wp:term":[{"taxonomy":"product_cat","embeddable":true,"href":"https:\/\/www.audioibiza.com\/index.php\/wp-json\/wp\/v2\/product_cat?post=14373"},{"taxonomy":"product_tag","embeddable":true,"href":"https:\/\/www.audioibiza.com\/index.php\/wp-json\/wp\/v2\/product_tag?post=14373"}],"curies":[{"name":"wp","href":"https:\/\/api.w.org\/{rel}","templated":true}]}}