{"id":14276,"date":"2019-09-24T18:49:13","date_gmt":"2019-09-24T16:49:13","guid":{"rendered":"https:\/\/www.audioibiza.com\/?post_type=product&#038;p=14276"},"modified":"2024-08-01T17:32:08","modified_gmt":"2024-08-01T15:32:08","slug":"auriculares-dj-pioneer-dj-hdj-x10-k","status":"publish","type":"product","link":"https:\/\/www.audioibiza.com\/index.php\/auriculares-dj-pioneer-dj-hdj-x10-k\/","title":{"rendered":"Auriculares DJ PIONEER DJ HDJ-X10-K (negro)"},"content":{"rendered":"<p><iframe title=\"Pioneer DJ HDJ-X over-ear DJ headphone models \u2013 Deeper Connection\" width=\"840\" height=\"473\" src=\"https:\/\/www.youtube.com\/embed\/WNxH3Qnx0LQ?feature=oembed\" frameborder=\"0\" allow=\"accelerometer; autoplay; clipboard-write; encrypted-media; gyroscope; picture-in-picture; web-share\" referrerpolicy=\"strict-origin-when-cross-origin\" allowfullscreen><\/iframe><\/p>\n<h1>Auriculares DJ PIONEER DJ HDJ-X10-K<\/h1>\n<p>Con los <a href=\"https:\/\/www.audioibiza.com\/index.php\/auriculares-dj-pioneer-dj-hdj-x10-k\/\">auriculares DJ PIONEER DJ HDJ-X10-K<\/a> mantente a la altura de tu actuaci\u00f3n con nuestros auriculares estrella HDJ-X10. Afinados con la opini\u00f3n de DJs profesionales, son duraderos y flexibles para servirte mientras monitoreas en festivales, clubs y en cualquier otro lugar.<\/p>\n<p>Capaces de reproducir sonido de alta resoluci\u00f3n, de 5 Hz a 40 kHz, gracias a un nuevo driver de 50 mm, estos auriculares ofrecen una separaci\u00f3n de canales precisa y una mayor separaci\u00f3n de los tonos graves ricos y n\u00edtidas frecuencias medias-altas.<\/p>\n<p>Dise\u00f1ados para ser flexibles y con un mecanismo giratorio que te permite usarlos c\u00f3modamente durante largos periodos de tiempo, de la forma que prefieras. Las almohadillas de cuero de poliuretano y la diadema acolchada son resistentes al deterioro gracias a un nano-revestimiento que permite limpiarlos f\u00e1cilmente del sudor y la suciedad.<\/p>\n<p>No te preocupes por golpes e impactos durante el transporte: estos auriculares DJ pueden soportar condiciones severas y un uso intensivo. Incluso han pasado la prueba de choque del Ej\u00e9rcito Americano<sup>*<\/sup> para asegurarse de que soporten todo lo que la gira les depare.<\/p>\n<p>No pierdas el ritmto mientras escuchas con un sonido n\u00edtido y de alta resoluci\u00f3n. Con una separaci\u00f3n superior de los canales izquierdo y derecho y una c\u00e1mara bass reflex, son ideales para la pre-escucha profesional.<\/p>\n<h2><strong>Dise\u00f1o de audio de alta calidad<\/strong><\/h2>\n<p>Los auriculares HDJ-X10 est\u00e1n equipados con nuestro nuevo driver de 50 mm de alta definici\u00f3n, lo que los convierte en los primeros auriculares DJ tipo diadema que reproducen sonido de alta resoluci\u00f3n entre 5 Hz y 40 kHz. La estructura de transmisi\u00f3n directa, con una forma de diafragma de nuevo desarrollo y su bobina, ofrece un sonido n\u00edtido y claro.<\/p>\n<div class=\"section section-feature-details\">\n<p>Al crear notas de bajo ricas y limpiar las frecuencias medias y altas, sentir\u00e1s cada nota con estos emblem\u00e1ticos auricualares que te permiten una pre-escucha m\u00e1s precisa, incluso en vol\u00famenes altos.<\/p>\n<h2><strong>Cable trenzado de 4 hilos<\/strong><\/h2>\n<p>El cable de tierra independiente, en el cable de estructura trenzada de 4 n\u00facleos, proporciona una separaci\u00f3n superior de los canales izquierdo y derecho, mejorando la calidad del sonido.<\/p>\n<h2><strong>C\u00e1mara reflectora de graves<\/strong><\/h2>\n<p>La c\u00e1mara reflectora de bajos de la carcasa superior garantiza una excelente respuesta de graves y aislamiento ac\u00fastico.<\/p>\n<p>Incluso en la carretera, estos auriculares soportan las condiciones m\u00e1s severas y un uso continuo. El metal m\u00e1s duradero se ha utilizado para las partes m\u00f3viles de los auriculares, permitiendo una construcci\u00f3n tan robusta que incluso han pasado la prueba de choque del Ej\u00e9rcito Americano<small><sup>*<\/sup><\/small>.<\/p>\n<p>Las almohadillas de poliuretano cuero y la diadema acolchada para la cabeza de los auriculares HDJ-X10 son resistentes al deterioro gracias al uso de un nano-revestimiento, el primero en el mundo para auriculares de DJ, para que puedas limpiar f\u00e1cilmente el sudor y la suciedad.<\/p>\n<p>Estos auriculares son c\u00f3modos de usar independientemente de c\u00f3mo los uses. El dise\u00f1o de la carcasa reduce la presi\u00f3n sobre la cabeza y tiene una textura exterior que mejora el agarre. Para ayudarte a encontrar el ajuste perfecto, tambi\u00e9n cuentan con una diadema flexible y duradera y un mecanismo giratorio.<\/p>\n<p>Todos los auriculares HDJ-X ofrecen un aspecto elegante y una construcci\u00f3n robusta. Elige entre las versiones en color negro o en plata para que luzcas como a ti te gusta.<\/p>\n<div class=\"folder__container js-folder js-folder--is-open\">\n<h3 class=\"folder__trigger js-folder__header js-folder__header--is-open\"><strong>Funciones principales<\/strong><\/h3>\n<table class=\"specs-table\">\n<tbody>\n<tr>\n<th class=\"specs-table__lbl\">\n<p class=\"h6\">Tipo<\/p>\n<\/th>\n<td class=\"specs-table__val\">Cerrados, din\u00e1micos<\/td>\n<\/tr>\n<tr>\n<th class=\"specs-table__lbl\">\n<p class=\"h6\">Drivers<\/p>\n<\/th>\n<td class=\"specs-table__val\">Tipo c\u00fapula de 50 mm<\/td>\n<\/tr>\n<tr>\n<th class=\"specs-table__lbl\">\n<p class=\"h6\">Cable<\/p>\n<\/th>\n<td class=\"specs-table__val\">\n<ul>\n<li>Cable en espiral de 1,2 m (3 m estirado)<\/li>\n<li>Cable recto de 1,6 m<\/li>\n<\/ul>\n<\/td>\n<\/tr>\n<tr>\n<th class=\"specs-table__lbl\">\n<p class=\"h6\">Contenido de la caja<\/p>\n<\/th>\n<td class=\"specs-table__val\">\n<ul class=\"list-rotary\">\n<li>HDJ-X10<\/li>\n<li>Cable de 1,2 m en espiral (longitud extendido 3,0 m)<\/li>\n<li>Cable recto de 1,6 m<\/li>\n<li>Jack adaptador \u2300 6.3 mm (ba\u00f1ado en oro, de rosca)<\/li>\n<li>Estuche de transport<\/li>\n<\/ul>\n<\/td>\n<\/tr>\n<\/tbody>\n<\/table>\n<\/div>\n<div><\/div>\n<h3 class=\"folder__container js-folder js-folder--is-open\"><strong>Especificaciones<\/strong><\/h3>\n<div><\/div>\n<div class=\"folder__container js-folder js-folder--is-open\">\n<div class=\"folder__content js-folder__content js-folder__content--is-open\">\n<table class=\"specs-table\">\n<tbody>\n<tr>\n<th class=\"specs-table__lbl\">\n<p class=\"h6\">Peso (sin cable)<\/p>\n<\/th>\n<td class=\"specs-table__val\">328 g<\/td>\n<\/tr>\n<tr>\n<th class=\"specs-table__lbl\">\n<p class=\"h6\">Potencia m\u00e1xima<\/p>\n<\/th>\n<td class=\"specs-table__val\">3500 mW<\/td>\n<\/tr>\n<tr>\n<th class=\"specs-table__lbl\">\n<p class=\"h6\">Presi\u00f3n Sonora de Salida<\/p>\n<\/th>\n<td class=\"specs-table__val\">106 dB<\/td>\n<\/tr>\n<tr>\n<th class=\"specs-table__lbl\">\n<p class=\"h6\">Rango de frecuencia<\/p>\n<\/th>\n<td class=\"specs-table__val\">5 \u2013 40000 Hz<\/td>\n<\/tr>\n<tr>\n<th class=\"specs-table__lbl\">\n<p class=\"h6\">Impedancia<\/p>\n<\/th>\n<td class=\"specs-table__val\">32 \u03a9<\/td>\n<\/tr>\n<\/tbody>\n<\/table>\n<\/div>\n<\/div>\n<\/div>\n<p>\u00a0<\/p>\n<p>Para m\u00e1s informaci\u00f3n sobre el producto:<\/p>\n<p><a href=\"https:\/\/www.pioneerdj.com\/es-es\/product\/headphones\/hdj-x10\/black\/overview\/\" target=\"_blank\" rel=\"noopener\">https:\/\/www.pioneerdj.com\/es-es\/product\/headphones\/hdj-x10\/black\/overview\/<\/a><\/p>\n","protected":false},"excerpt":{"rendered":"<div class=\"head\">\n<h4 class=\"desc\">Auriculares DJ Pioneer DJ HDJ-X10-K profesionales tipo diadema (Negro)<\/h4>\n<p>Dise\u00f1ados para servirte en cualquier circunstancia, de festivales a clubes. Son los primeros auriculares DJ del mundo que producen un sonido de alta resoluci\u00f3n de 5 Hz a 40 kHz. Metal duradero para las partes m\u00f3viles, permiten una construcci\u00f3n robusta que incluso han pasado la prueba de choque del Ej\u00e9rcito Americano.<\/p>\n<p>Mecanismo giratorio. Almohadillas de poliuretano cuero y diadema flexible acolchada para la cabeza resistentes al deterioro gracias al uso de un nano-revestimiento, el primero en el mundo para auriculares de DJ<\/p>\n<\/div>\n","protected":false},"featured_media":14277,"template":"","meta":[],"product_cat":[665,737,738],"product_tag":[],"class_list":{"0":"post-14276","1":"product","2":"type-product","3":"status-publish","4":"has-post-thumbnail","6":"product_brand-pioneer-dj","7":"product_cat-dj","8":"product_cat-auriculares","9":"product_cat-auriculares-dj","10":"product_shipping_class-pequeno-y-barato-10","12":"first","13":"instock","14":"taxable","15":"shipping-taxable","16":"purchasable","17":"product-type-simple","18":"col-xs-6 col-sm-4","19":"col-md-3 col-lg-3","20":"un-4-cols"},"_links":{"self":[{"href":"https:\/\/www.audioibiza.com\/index.php\/wp-json\/wp\/v2\/product\/14276","targetHints":{"allow":["GET"]}}],"collection":[{"href":"https:\/\/www.audioibiza.com\/index.php\/wp-json\/wp\/v2\/product"}],"about":[{"href":"https:\/\/www.audioibiza.com\/index.php\/wp-json\/wp\/v2\/types\/product"}],"wp:featuredmedia":[{"embeddable":true,"href":"https:\/\/www.audioibiza.com\/index.php\/wp-json\/wp\/v2\/media\/14277"}],"wp:attachment":[{"href":"https:\/\/www.audioibiza.com\/index.php\/wp-json\/wp\/v2\/media?parent=14276"}],"wp:term":[{"taxonomy":"product_cat","embeddable":true,"href":"https:\/\/www.audioibiza.com\/index.php\/wp-json\/wp\/v2\/product_cat?post=14276"},{"taxonomy":"product_tag","embeddable":true,"href":"https:\/\/www.audioibiza.com\/index.php\/wp-json\/wp\/v2\/product_tag?post=14276"}],"curies":[{"name":"wp","href":"https:\/\/api.w.org\/{rel}","templated":true}]}}