{"id":13936,"date":"2019-08-01T21:56:08","date_gmt":"2019-08-01T19:56:08","guid":{"rendered":"https:\/\/www.audioibiza.com\/index.php\/producto\/microfonos-de-mano-microfono-dinamico-lavalier-subminiatura-con-conector-xlr-shure\/"},"modified":"2023-02-08T11:41:03","modified_gmt":"2023-02-08T10:41:03","slug":"microfono-lavalier-shure-sm93","status":"publish","type":"product","link":"https:\/\/www.audioibiza.com\/index.php\/microfono-lavalier-shure-sm93\/","title":{"rendered":"Microfono lavalier SHURE SM93"},"content":{"rendered":"<p><iframe title=\"Lavalier Mic Techniques for Theater\" width=\"840\" height=\"473\" src=\"https:\/\/www.youtube.com\/embed\/H-L2iHjxGp4?feature=oembed\" frameborder=\"0\" allow=\"accelerometer; autoplay; clipboard-write; encrypted-media; gyroscope; picture-in-picture; web-share\" referrerpolicy=\"strict-origin-when-cross-origin\" allowfullscreen><\/iframe><\/p>\n<h1><a href=\"https:\/\/www.audioibiza.com\/index.php\/microfono-lavalier-shure-sm93\/\">Microfono Lavalier SHURE SM93<\/a><\/h1>\n<p>Micr\u00f3fono lavalier omnidireccional en miniatura que ofrece un sonido completo y limpio en las aplicaciones de voz, como en la presentaci\u00f3n de emisiones de TV y en conferencias. Dispone de una respuesta en frecuencia uniforme y ampliada y de accesorios vers\u00e1tiles de montaje que lo hacen casi invisible.<\/p>\n<div class=\"title-container\">\n<div class=\"container\">\n<div class=\"row\">\n<div class=\"col-12 col-xs-12\">\n<h2 class=\"bold content-section-title d-md-block d-none din hidden-xs\">Caracter\u00edsticas principales<\/h2>\n<\/div>\n<\/div>\n<\/div>\n<\/div>\n<div class=\"toggle-content\">\n<div class=\"container\">\n<div class=\"row\">\n<div class=\"col-xs-12 col-12 feature-description-wrapper expandable show-more\" data-component=\"show-more\">\n<div class=\"feature-description-text with-image\">\n<ul>\n<li>Micro lavalier subminiatura; su tama\u00f1o es perfecto para obras de teatro, emisiones de TV, v\u00eddeo, pel\u00edculas y sistemas de refuerzo de sonido.<\/li>\n<li>Sistema de montaje peque\u00f1o e imperceptible.<\/li>\n<li>Sonido completo y limpio comparable al de micr\u00f3fonos m\u00e1s grandes.<\/li>\n<li>Respuesta en frecuencia uniforme y ampliada, con realce de presencia, personalizada especialmente para el uso como micro de colocaci\u00f3n en el pecho.<\/li>\n<li>Supresi\u00f3n controlada de los graves para reducir los ruidos de baja frecuencia producidos por el roce con la ropa y el ruido de fondo.<\/li>\n<li>Bajo nivel de distorsi\u00f3n, amplio rango din\u00e1mico.<\/li>\n<li>Accesorios de montaje vers\u00e1tiles que ofrecen una gran variedad de aplicaciones en las que permanecen casi invisibles.<\/li>\n<li>El previo puede colocarse en el bolsillo, unido con una banda al cuerpo o colocado con una pinza en el cintur\u00f3n o cinturilla del pantal\u00f3n.<\/li>\n<li>Condensador omnidireccional<\/li>\n<li>Respuesta en frecuencia: 80 a 20.000\u00a0Hz<\/li>\n<\/ul>\n<\/div>\n<\/div>\n<\/div>\n<\/div>\n<\/div>\n<h4>\u00bfPara qu\u00e9 uso ha sido dise\u00f1ado el SM93?<\/h4>\n<p>El micr\u00f3fono lavalier de condensador omnidireccional SM93 est\u00e1 dise\u00f1ado para aplicaciones de voz hablada, en emisiones televisivas, discursos, conferencias y tambi\u00e9n en lugares de culto.<\/p>\n<div class=\"long-description-toggle\">\n<h4>\u00bfCu\u00e1les son las caracter\u00edsticas del SM93?<\/h4>\n<p>A pesar de su peque\u00f1o tama\u00f1o, este micr\u00f3fono ofrece un sonido completo y limpio comparable al producido por micros mucho m\u00e1s grandes. Su respuesta en frecuencia ha sido personalizada para aplicaciones de colocaci\u00f3n en el pecho, con una supresi\u00f3n controlada de graves y un realce de la presencia.<\/p>\n<h4>\u00bfQu\u00e9 accesorios incluye?<\/h4>\n<p>El SM93 incluye una abrazadera de montaje, una pinza para corbata y un paravientos para reducir al m\u00ednimo el ruido del viento cuando se utiliza en exteriores. Tambi\u00e9n se suministra con una doble pinza para corbata.<\/p>\n<\/div>\n<h3>Especificaciones t\u00e9cnicas<\/h3>\n<ul>\n<li>Peso: 16 g<\/li>\n<li>Altura x Ancho x Fondo: 9.4 \u00d7 3.81 \u00d7 6.1 mm<\/li>\n<li>Respuesta en frecuencia: 50 Hz \u2013 20 kHz<\/li>\n<li>Respuesta en frecuencia: Personalizada<\/li>\n<li>Sensibilidad: -38.00 dBV\/Pa \u2013 13.00 mV\/Pa<\/li>\n<li>Nivel equivalente de ruido: 22 dB(A)<\/li>\n<li>Presi\u00f3n sonora: 120 dB<\/li>\n<li>Tipo de transductor: Condensador<\/li>\n<li>Patr\u00f3n polar: Omnidireccional<\/li>\n<li>Filtro de corte de graves conmutable: No<\/li>\n<li>Conectores: TQG (T4AF, Mini de 4 pines)<\/li>\n<li>Atenuador: No<\/li>\n<li>C\u00e1psula intercambiable: No<\/li>\n<li>Funci\u00f3n principal: Actuaciones<\/li>\n<li>Auriculares in-ear: No<\/li>\n<li>Necesita alimentaci\u00f3n phantom: 11 to 52 VDC<\/li>\n<li>C\u00e1psula: Fija<\/li>\n<\/ul>\n<p>&nbsp;<\/p>\n<p>Para m\u00e1s informaci\u00f3n del producto:<\/p>\n<p><a href=\"https:\/\/www.shure.es\/productos\/microfonos\/sm93\" target=\"_blank\" rel=\"noopener\">https:\/\/www.shure.es\/productos\/microfonos\/sm93<\/a><\/p>\n","protected":false},"excerpt":{"rendered":"<h4>MICROFONO LAVALIER SHURE SM93 Din\u00e1mico subminiatura con conector XLR<\/h4>\n<ul>\n<li>Micr\u00f3fono de solapa miniatura para palabra.<\/li>\n<li>Tipo condensador.<\/li>\n<li>Respuesta 80-20.000 Hz.<\/li>\n<li>Patr\u00f3n polar Omnidireccional.<\/li>\n<li>Impedancia 150Ohm.<\/li>\n<li>Sensibilidad 7mV.<\/li>\n<li>Max SPL 120dBA.<\/li>\n<li>Cable de 1,2m con conexi\u00f3n TQG4F.<\/li>\n<li>Incluye preamplificador 90A4360, paravientos negro RK355WS, pinza de corbata RK354SB, pinza doble de corbata RK307DB, soporte cosido 65B1733 y funda.<\/li>\n<li>Disponible en color negro.<\/li>\n<\/ul>\n","protected":false},"featured_media":17346,"template":"","meta":[],"product_cat":[661,690,698],"product_tag":[],"class_list":{"0":"post-13936","1":"product","2":"type-product","3":"status-publish","4":"has-post-thumbnail","6":"product_brand-shure","7":"product_cat-audio-profesional","8":"product_cat-microfonia","9":"product_cat-microfono-lavalier","10":"product_shipping_class-pequeno-y-barato-10","12":"first","13":"outofstock","14":"taxable","15":"shipping-taxable","16":"purchasable","17":"product-type-simple","18":"col-xs-6 col-sm-4","19":"col-md-3 col-lg-3","20":"un-4-cols"},"_links":{"self":[{"href":"https:\/\/www.audioibiza.com\/index.php\/wp-json\/wp\/v2\/product\/13936","targetHints":{"allow":["GET"]}}],"collection":[{"href":"https:\/\/www.audioibiza.com\/index.php\/wp-json\/wp\/v2\/product"}],"about":[{"href":"https:\/\/www.audioibiza.com\/index.php\/wp-json\/wp\/v2\/types\/product"}],"wp:featuredmedia":[{"embeddable":true,"href":"https:\/\/www.audioibiza.com\/index.php\/wp-json\/wp\/v2\/media\/17346"}],"wp:attachment":[{"href":"https:\/\/www.audioibiza.com\/index.php\/wp-json\/wp\/v2\/media?parent=13936"}],"wp:term":[{"taxonomy":"product_cat","embeddable":true,"href":"https:\/\/www.audioibiza.com\/index.php\/wp-json\/wp\/v2\/product_cat?post=13936"},{"taxonomy":"product_tag","embeddable":true,"href":"https:\/\/www.audioibiza.com\/index.php\/wp-json\/wp\/v2\/product_tag?post=13936"}],"curies":[{"name":"wp","href":"https:\/\/api.w.org\/{rel}","templated":true}]}}