{"id":13447,"date":"2019-08-01T21:50:33","date_gmt":"2019-08-01T19:50:33","guid":{"rendered":"https:\/\/www.audioibiza.com\/index.php\/producto\/monitor-estudio-t7v-adam\/"},"modified":"2025-11-18T01:01:35","modified_gmt":"2025-11-18T00:01:35","slug":"monitor-estudio-adam-t7v","status":"publish","type":"product","link":"https:\/\/www.audioibiza.com\/index.php\/monitor-estudio-adam-t7v\/","title":{"rendered":"Monitor estudio ADAM T7V"},"content":{"rendered":"<p><iframe title=\"ADAM Audio T7V - Active Nearfield Monitor\" width=\"840\" height=\"473\" src=\"https:\/\/www.youtube.com\/embed\/hLIL0-s2DIc?feature=oembed\" frameborder=\"0\" allow=\"accelerometer; autoplay; clipboard-write; encrypted-media; gyroscope; picture-in-picture; web-share\" referrerpolicy=\"strict-origin-when-cross-origin\" allowfullscreen><\/iframe><\/p>\n<h1><a href=\"https:\/\/www.audioibiza.com\/index.php\/monitor-estudio-adam-t7v\/\">MONITOR ESTUDIO ADAM T7V<\/a><\/h1>\n<p>Monitor e campo cercano de dos v\u00edas muy asequible y optimizado para salas de control peque\u00f1as y medias. Con su woofer de 7\u2032, la respuesta de graves del T7V se extiende hasta los 39 Hz. El nuevo tweeter U-ART, una soluci\u00f3n revolucionaria para su uso en grabaci\u00f3n y mezcla de alta resoluci\u00f3n para clientes con presupuestos peque\u00f1os, sube a 25 kHz (algo nunca visto en monitores de su rango de precio) y est\u00e1 acoplado a una gu\u00eda de onda de precisi\u00f3n (difusor) con capacidades de control de la dispersi\u00f3n y de propagaci\u00f3n de las altas frecuencia.<\/p>\n<p>La gu\u00eda de onda (HPS) utilizada en los monitores insignia de la serie S de ADAM Audio produce una dispersi\u00f3n altamente uniforme de las altas frecuencias lo que proporciona un \u2018punto dulce\u2019 de escucha incre\u00edblemente amplio lo que nos libera de estar restringidos a una posici\u00f3n demezcla muy r\u00edgida mientras trabajamos, lo cual esmuy c\u00f3modo y conveniente ya que no tenemos que estar cediendo el sitio a otros integrantes del equipo si ellos es necesario.<\/p>\n<p>Un recinto ac\u00fastico con un elegante dese\u00f1o de cantos biselado con un puerto bass reflex de graves trasero un tama\u00f1o de la base muy peque\u00f1o lo que permite la colocaci\u00f3n en cualquier lugar de su habitaci\u00f3n, sin importar lo peque\u00f1a que sea esta o la mesa de trabajo donde tengas que colocarlos, y va equipado con DSP para controlar el crossover y la ecualizaci\u00f3n y que dispone adem\u00e1s de m\u00faltiples conexiones anal\u00f3gicas. Equipado con potente un amplificador de clase D de 50 W para el woofer y de 20 W tambi\u00e9n clase D para el tweeter U-ART, el T7V es capaz de producir SPL\u2019s de hasta 110 dB por par.<\/p>\n<p>Excelentes caracter\u00edsticas ac\u00fasticas, peque\u00f1as dimensiones y una excelente relaci\u00f3n precio \/ rendimiento hacen que este monitor de estudio sea perfectamente adecuado para su uso en salas de control peque\u00f1as en m\u00fasica, video realizaci\u00f3n y producci\u00f3n de difusi\u00f3n. Y solo por si necesitas escuchar mas graves, el T7V es compatible con los subwoofers ADAM Sub8.<\/p>\n<p>\u00a0<\/p>\n<p>Para m\u00e1s informaci\u00f3n sobre el producto:<\/p>\n<p><a href=\"https:\/\/www.adam-audio.com\/es\/serie-s\/t7v\/\" target=\"_blank\" rel=\"noopener\">https:\/\/www.adam-audio.com\/es\/serie-s\/t7v\/<\/a><\/p>\n","protected":false},"excerpt":{"rendered":"<h4>MONITOR ESTUDIO ADAM T7V<\/h4>\n","protected":false},"featured_media":17739,"template":"","meta":[],"product_cat":[665,663,706],"product_tag":[],"class_list":{"0":"post-13447","1":"product","2":"type-product","3":"status-publish","4":"has-post-thumbnail","6":"product_brand-adam","7":"product_cat-dj","8":"product_cat-monitor-estudio","9":"product_cat-produccion-musical","10":"product_shipping_class-mediano-y-barato-16","12":"first","13":"outofstock","14":"taxable","15":"shipping-taxable","16":"purchasable","17":"product-type-simple","18":"col-xs-6 col-sm-4","19":"col-md-3 col-lg-3","20":"un-4-cols"},"_links":{"self":[{"href":"https:\/\/www.audioibiza.com\/index.php\/wp-json\/wp\/v2\/product\/13447","targetHints":{"allow":["GET"]}}],"collection":[{"href":"https:\/\/www.audioibiza.com\/index.php\/wp-json\/wp\/v2\/product"}],"about":[{"href":"https:\/\/www.audioibiza.com\/index.php\/wp-json\/wp\/v2\/types\/product"}],"wp:featuredmedia":[{"embeddable":true,"href":"https:\/\/www.audioibiza.com\/index.php\/wp-json\/wp\/v2\/media\/17739"}],"wp:attachment":[{"href":"https:\/\/www.audioibiza.com\/index.php\/wp-json\/wp\/v2\/media?parent=13447"}],"wp:term":[{"taxonomy":"product_cat","embeddable":true,"href":"https:\/\/www.audioibiza.com\/index.php\/wp-json\/wp\/v2\/product_cat?post=13447"},{"taxonomy":"product_tag","embeddable":true,"href":"https:\/\/www.audioibiza.com\/index.php\/wp-json\/wp\/v2\/product_tag?post=13447"}],"curies":[{"name":"wp","href":"https:\/\/api.w.org\/{rel}","templated":true}]}}